CRAN Package Check Results for Package rbokeh

Last updated on 2016-10-24 23:48:29.

Flavor Version Tinstall Tcheck Ttotal Status Flags
r-devel-linux-x86_64-debian-clang 0.5.0 2.94 56.17 59.10 OK
r-devel-linux-x86_64-debian-gcc 0.5.0 2.84 56.60 59.44 OK
r-devel-linux-x86_64-fedora-clang 0.5.0 110.31 NOTE
r-devel-linux-x86_64-fedora-gcc 0.5.0 105.74 NOTE
r-devel-macos-x86_64-clang 0.5.0 88.22 NOTE
r-devel-windows-ix86+x86_64 0.5.0 19.00 142.00 161.00 OK
r-patched-linux-x86_64 0.5.0 3.41 55.42 58.83 OK
r-patched-solaris-sparc 0.5.0 669.10 NOTE
r-patched-solaris-x86 0.5.0 129.60 NOTE
r-release-linux-x86_64 0.5.0 3.06 55.99 59.05 OK
r-release-osx-x86_64-mavericks 0.5.0 NOTE
r-release-windows-ix86+x86_64 0.5.0 13.00 144.00 157.00 OK
r-oldrel-windows-ix86+x86_64 0.5.0 14.00 146.00 160.00 NOTE

Check Details

Version: 0.5.0
Check: dependencies in R code
Result: NOTE
    Namespace in Imports field not imported from: ‘ggplot2’
     All declared Imports should be used.
Flavors: r-devel-linux-x86_64-fedora-clang, r-devel-linux-x86_64-fedora-gcc, r-devel-macos-x86_64-clang, r-patched-solaris-sparc, r-patched-solaris-x86, r-release-osx-x86_64-mavericks, r-oldrel-windows-ix86+x86_64