CRAN Package Check Results for Package rclinicaltrials

Last updated on 2016-10-24 23:48:29.

Flavor Version Tinstall Tcheck Ttotal Status Flags
r-devel-linux-x86_64-debian-clang 1.4.1 0.60 151.99 152.59 WARN
r-devel-linux-x86_64-debian-gcc 1.4.1 0.64 183.64 184.28 WARN
r-devel-linux-x86_64-fedora-clang 1.4.1 65.47 WARN
r-devel-linux-x86_64-fedora-gcc 1.4.1 62.26 WARN
r-devel-macos-x86_64-clang 1.4.1 52.45 WARN
r-devel-windows-ix86+x86_64 1.4.1 4.00 200.00 204.00 WARN
r-patched-linux-x86_64 1.4.1 0.56 144.43 145.00 NOTE
r-patched-solaris-sparc 1.4.1 370.20 NOTE
r-patched-solaris-x86 1.4.1 72.80 NOTE
r-release-linux-x86_64 1.4.1 0.65 145.02 145.67 NOTE
r-release-osx-x86_64-mavericks 1.4.1 NOTE
r-release-windows-ix86+x86_64 1.4.1 4.00 226.00 230.00 NOTE
r-oldrel-windows-ix86+x86_64 1.4.1 4.00 195.00 199.00 OK

Check Details

Version: 1.4.1
Check: R code for possible problems
Result: NOTE
    clinicaltrials_download: no visible global function definition for
     ‘unzip’
    Undefined global functions or variables:
     unzip
    Consider adding
     importFrom("utils", "unzip")
    to your NAMESPACE file.
Flavors: r-devel-linux-x86_64-debian-clang, r-devel-linux-x86_64-debian-gcc, r-devel-linux-x86_64-fedora-clang, r-devel-linux-x86_64-fedora-gcc, r-devel-macos-x86_64-clang, r-devel-windows-ix86+x86_64, r-patched-linux-x86_64, r-patched-solaris-sparc, r-patched-solaris-x86, r-release-linux-x86_64, r-release-osx-x86_64-mavericks, r-release-windows-ix86+x86_64

Version: 1.4.1
Check: files in ‘vignettes’
Result: WARN
    Files in the 'vignettes' directory newer than all files in 'inst/doc':
     ‘basics.Rmd’
Flavors: r-devel-linux-x86_64-debian-clang, r-devel-linux-x86_64-debian-gcc, r-devel-linux-x86_64-fedora-clang, r-devel-linux-x86_64-fedora-gcc, r-devel-macos-x86_64-clang, r-devel-windows-ix86+x86_64