CRAN Package Check Results for Package recexcavAAR

Last updated on 2016-10-24 23:48:30.

Flavor Version Tinstall Tcheck Ttotal Status Flags
r-devel-linux-x86_64-debian-clang 0.2.2 26.47 50.87 77.34 OK
r-devel-linux-x86_64-debian-gcc 0.2.2 30.35 53.63 83.98 OK
r-devel-linux-x86_64-fedora-clang 0.2.2 160.92 OK
r-devel-linux-x86_64-fedora-gcc 0.2.2 158.83 OK
r-devel-macos-x86_64-clang 0.2.2 69.62 OK
r-devel-windows-ix86+x86_64 0.2.2 125.00 148.00 273.00 OK
r-patched-linux-x86_64 0.2.2 25.08 48.13 73.21 OK
r-patched-solaris-sparc 0.2.2 709.40 WARN
r-patched-solaris-x86 0.2.2 149.70 WARN
r-release-linux-x86_64 0.2.2 24.97 48.30 73.27 OK
r-release-osx-x86_64-mavericks 0.2.2 WARN
r-release-windows-ix86+x86_64 0.2.2 114.00 128.00 242.00 OK
r-oldrel-windows-ix86+x86_64 0.2.1 83.00 101.00 184.00 NOTE

Check Details

Version: 0.2.2
Check: re-building of vignette outputs
Result: WARN
    Error in re-building vignettes:
     ...
    Warning in readLines(con) :
     incomplete final line found on 'recexcavAAR-vignette-1.Rmd'
    Warning: It seems you should call rmarkdown::render() instead of knitr::knit2html() because recexcavAAR-vignette-1.Rmd appears to be an R Markdown v2 document.
    Loading recexcavAAR
    Re-compiling recexcavAAR
    '/home/ripley/R/gcc/bin/R' --no-site-file --no-environ --no-save \
     --no-restore --quiet CMD INSTALL \
     '/home/ripley/R/packages/tests32/recexcavAAR.Rcheck/vign_test/recexcavAAR' \
     --library='/tmp/Rtmp69aq4b/devtools_install_3c2768f786a' --no-R \
     --no-data --no-help --no-demo --no-inst --no-docs --no-exec \
     --no-multiarch --no-test-load --preclean
    
    * installing *source* package ‘recexcavAAR’ ...
    ** package ‘recexcavAAR’ successfully unpacked and MD5 sums checked
    ** libs
    /opt/csw/bin/g++ -I/home/ripley/R/gcc/include -DNDEBUG -I/opt/csw/include -I/usr/local/include -I"/home/ripley/R/Lib32/Rcpp/include" -fPIC -O2 -mcpu=niagara2 -c RcppExports.cpp -o RcppExports.o
    /opt/csw/bin/g++ -I/home/ripley/R/gcc/include -DNDEBUG -I/opt/csw/include -I/usr/local/include -I"/home/ripley/R/Lib32/Rcpp/include" -fPIC -O2 -mcpu=niagara2 -c fillhexa.cpp -o fillhexa.o
    /opt/csw/bin/g++ -I/home/ripley/R/gcc/include -DNDEBUG -I/opt/csw/include -I/usr/local/include -I"/home/ripley/R/Lib32/Rcpp/include" -fPIC -O2 -mcpu=niagara2 -c pointinpoly.cpp -o pointinpoly.o
    /opt/csw/bin/g++ -I/home/ripley/R/gcc/include -DNDEBUG -I/opt/csw/include -I/usr/local/include -I"/home/ripley/R/Lib32/Rcpp/include" -fPIC -O2 -mcpu=niagara2 -c posdecis.cpp -o posdecis.o
    /opt/csw/bin/g++ -I/home/ripley/R/gcc/include -DNDEBUG -I/opt/csw/include -I/usr/local/include -I"/home/ripley/R/Lib32/Rcpp/include" -fPIC -O2 -mcpu=niagara2 -c spatiallong.cpp -o spatiallong.o
    /opt/csw/bin/g++ -I/home/ripley/R/gcc/include -DNDEBUG -I/opt/csw/include -I/usr/local/include -I"/home/ripley/R/Lib32/Rcpp/include" -fPIC -O2 -mcpu=niagara2 -c spatialwide.cpp -o spatialwide.o
    /opt/csw/bin/g++ -I/home/ripley/R/gcc/include -DNDEBUG -I/opt/csw/include -I/usr/local/include -I"/home/ripley/R/Lib32/Rcpp/include" -fPIC -O2 -mcpu=niagara2 -c spitcenter.cpp -o spitcenter.o
    /opt/csw/bin/g++ -shared -L/opt/csw/lib -L/usr/local/lib -o recexcavAAR.so RcppExports.o fillhexa.o pointinpoly.o posdecis.o spatiallong.o spatialwide.o spitcenter.o
    installing to /tmp/Rtmp69aq4b/devtools_install_3c2768f786a/recexcavAAR/libs
    * DONE (recexcavAAR)
    Loading required package: kriging
    
    Attaching package: 'dplyr'
    
    The following objects are masked from 'package:stats':
    
     filter, lag
    
    The following objects are masked from 'package:base':
    
     intersect, setdiff, setequal, union
    
    Quitting from lines 46-61 (recexcavAAR-vignette-1.Rmd)
    Error: processing vignette 'recexcavAAR-vignette-1.Rmd' failed with diagnostics:
    cannot open the connection
    Execution halted
Flavor: r-patched-solaris-sparc

Version: 0.2.2
Check: re-building of vignette outputs
Result: WARN
    Error in re-building vignettes:
     ...
    /opt/csw//bin/g++ -I/home/ripley/R/gcc/include -DNDEBUG -I/opt/csw/include -I/usr/local/include -I"/home/ripley/R/Lib32/Rcpp/include" -fPIC -O2 -c fillhexa.cpp -o fillhexa.o
    /opt/csw//bin/g++ -I/home/ripley/R/gcc/include -DNDEBUG -I/opt/csw/include -I/usr/local/include -I"/home/ripley/R/Lib32/Rcpp/include" -fPIC -O2 -c pointinpoly.cpp -o pointinpoly.o
    /opt/csw//bin/g++ -I/home/ripley/R/gcc/include -DNDEBUG -I/opt/csw/include -I/usr/local/include -I"/home/ripley/R/Lib32/Rcpp/include" -fPIC -O2 -c posdecis.cpp -o posdecis.o
    /opt/csw//bin/g++ -I/home/ripley/R/gcc/include -DNDEBUG -I/opt/csw/include -I/usr/local/include -I"/home/ripley/R/Lib32/Rcpp/include" -fPIC -O2 -c spatiallong.cpp -o spatiallong.o
    /opt/csw//bin/g++ -I/home/ripley/R/gcc/include -DNDEBUG -I/opt/csw/include -I/usr/local/include -I"/home/ripley/R/Lib32/Rcpp/include" -fPIC -O2 -c spatialwide.cpp -o spatialwide.o
    /opt/csw//bin/g++ -I/home/ripley/R/gcc/include -DNDEBUG -I/opt/csw/include -I/usr/local/include -I"/home/ripley/R/Lib32/Rcpp/include" -fPIC -O2 -c spitcenter.cpp -o spitcenter.o
    /opt/csw//bin/g++ -shared -L/opt/csw/lib -L/usr/local/lib -o recexcavAAR.so RcppExports.o fillhexa.o pointinpoly.o posdecis.o spatiallong.o spatialwide.o spitcenter.o
    installing to /tmp/RtmpgTayL4/devtools_install_712b6a3f3b5/recexcavAAR/libs
    * DONE (recexcavAAR)
    Loading required package: kriging
    
    Attaching package: 'dplyr'
    
    The following objects are masked from 'package:stats':
    
     filter, lag
    
    The following objects are masked from 'package:base':
    
     intersect, setdiff, setequal, union
    
    Quitting from lines 46-61 (recexcavAAR-vignette-1.Rmd)
    Error: processing vignette 'recexcavAAR-vignette-1.Rmd' failed with diagnostics:
    cannot open the connection
    Execution halted
Flavor: r-patched-solaris-x86

Version: 0.2.2
Check: re-building of vignette outputs
Result: WARN
    Error in re-building vignettes:
     ...
    Warning in readLines(con) :
     incomplete final line found on 'recexcavAAR-vignette-1.Rmd'
    Warning: It seems you should call rmarkdown::render() instead of knitr::knit2html() because recexcavAAR-vignette-1.Rmd appears to be an R Markdown v2 document.
    Loading recexcavAAR
    Loading required package: kriging
    
    Attaching package: 'dplyr'
    
    The following objects are masked from 'package:stats':
    
     filter, lag
    
    The following objects are masked from 'package:base':
    
     intersect, setdiff, setequal, union
    
    Quitting from lines 46-61 (recexcavAAR-vignette-1.Rmd)
    Error: processing vignette 'recexcavAAR-vignette-1.Rmd' failed with diagnostics:
    cannot open the connection
    Execution halted
Flavor: r-release-osx-x86_64-mavericks

Version: 0.2.1
Check: installed package size
Result: NOTE
     installed size is 5.4Mb
     sub-directories of 1Mb or more:
     doc 3.6Mb
     libs 1.6Mb
Flavor: r-oldrel-windows-ix86+x86_64

Version: 0.2.1
Check: dependencies in R code
Result: NOTE
    Namespaces in Imports field not imported from:
     'devtools' 'dplyr' 'magrittr' 'plyr' 'reshape2'
     All declared Imports should be used.
Flavor: r-oldrel-windows-ix86+x86_64

Version: 0.2.1
Check: re-building of vignette outputs
Result: NOTE
    Error in re-building vignettes:
     ...
    
    The following objects are masked from 'package:base':
    
     intersect, setdiff, setequal, union
    
    Loading required package: ggplot2
    
    Attaching package: 'plotly'
    
    The following object is masked from 'package:ggplot2':
    
     last_plot
    
    The following object is masked from 'package:stats':
    
     filter
    
    The following object is masked from 'package:graphics':
    
     layout
    
    Quitting from lines 47-64 (recexcavAAR-vignette-1.Rmd)
    Error: processing vignette 'recexcavAAR-vignette-1.Rmd' failed with diagnostics:
    object 'x' not found
    Execution halted
Flavor: r-oldrel-windows-ix86+x86_64