CRAN Package Check Results for Package reglogit

Last updated on 2016-10-24 23:48:30.

Flavor Version Tinstall Tcheck Ttotal Status Flags
r-devel-linux-x86_64-debian-clang 1.2-4 2.79 32.93 35.72 NOTE
r-devel-linux-x86_64-debian-gcc 1.2-4 2.77 31.13 33.90 NOTE
r-devel-linux-x86_64-fedora-clang 1.2-4 82.72 NOTE
r-devel-linux-x86_64-fedora-gcc 1.2-4 74.83 NOTE
r-devel-macos-x86_64-clang 1.2-4 63.26 NOTE
r-devel-windows-ix86+x86_64 1.2-4 20.00 89.00 109.00 NOTE
r-patched-linux-x86_64 1.2-4 2.88 29.99 32.87 NOTE
r-patched-solaris-sparc 1.2-4 469.80 NOTE
r-patched-solaris-x86 1.2-4 104.90 NOTE
r-release-linux-x86_64 1.2-4 2.77 30.84 33.61 NOTE
r-release-osx-x86_64-mavericks 1.2-4 NOTE
r-release-windows-ix86+x86_64 1.2-4 21.00 64.00 85.00 NOTE
r-oldrel-windows-ix86+x86_64 1.2-4 25.00 94.00 119.00 OK

Check Details

Version: 1.2-4
Check: R code for possible problems
Result: NOTE
    beta.dRUM: no visible global function definition for ‘dlogis’
    beta.dRUM: no visible global function definition for ‘runif’
    draw.nu: no visible global function definition for ‘rgamma’
    predict.reglogit: no visible global function definition for ‘plogis’
    reglogit: no visible global function definition for ‘rnorm’
    regmlogit: no visible global function definition for ‘rnorm’
    rmultnorm: no visible global function definition for ‘rnorm’
    z.dRUM: no visible global function definition for ‘runif’
    Undefined global functions or variables:
     dlogis plogis rgamma rnorm runif
    Consider adding
     importFrom("stats", "dlogis", "plogis", "rgamma", "rnorm", "runif")
    to your NAMESPACE file.
Flavors: r-devel-linux-x86_64-debian-clang, r-devel-linux-x86_64-debian-gcc, r-devel-linux-x86_64-fedora-clang, r-devel-linux-x86_64-fedora-gcc, r-devel-macos-x86_64-clang, r-devel-windows-ix86+x86_64, r-patched-linux-x86_64, r-patched-solaris-sparc, r-patched-solaris-x86, r-release-linux-x86_64, r-release-osx-x86_64-mavericks, r-release-windows-ix86+x86_64