CRAN Package Check Results for Package relimp

Last updated on 2016-10-24 23:48:30.

Flavor Version Tinstall Tcheck Ttotal Status Flags
r-devel-linux-x86_64-debian-clang 1.0-5 0.63 14.28 14.91 OK
r-devel-linux-x86_64-debian-gcc 1.0-5 0.63 14.14 14.77 OK
r-devel-linux-x86_64-fedora-clang 1.0-5 27.90 OK
r-devel-linux-x86_64-fedora-gcc 1.0-5 25.19 OK
r-devel-macos-x86_64-clang 1.0-5 23.25 OK
r-devel-windows-ix86+x86_64 1.0-5 3.00 45.00 48.00 OK
r-patched-linux-x86_64 1.0-5 0.54 13.93 14.47 OK
r-patched-solaris-sparc 1.0-5 153.90 OK
r-patched-solaris-x86 1.0-5 33.70 OK
r-release-linux-x86_64 1.0-5 0.59 13.38 13.97 OK
r-release-osx-x86_64-mavericks 1.0-5 NOTE
r-release-windows-ix86+x86_64 1.0-5 3.00 30.00 33.00 OK
r-oldrel-windows-ix86+x86_64 1.0-5 4.00 41.00 45.00 OK

Check Details

Version: 1.0-5
Check: dependencies in R code
Result: NOTE
    Invalid MIT-MAGIC-COOKIE-1 key
Flavor: r-release-osx-x86_64-mavericks