CRAN Package Check Results for Package rgeospatialquality

Last updated on 2016-10-24 23:48:31.

Flavor Version Tinstall Tcheck Ttotal Status Flags
r-devel-linux-x86_64-debian-clang 0.3.2 0.92 31.36 32.28 ERROR
r-devel-linux-x86_64-debian-gcc 0.3.2 0.87 34.49 35.35 ERROR
r-devel-linux-x86_64-fedora-clang 0.3.2 34.20 ERROR
r-devel-linux-x86_64-fedora-gcc 0.3.2 32.39 ERROR
r-devel-macos-x86_64-clang 0.3.2 28.75 ERROR
r-devel-windows-ix86+x86_64 0.3.2 5.00 65.00 70.00 ERROR
r-patched-linux-x86_64 0.3.2 0.94 31.60 32.54 ERROR
r-patched-solaris-sparc 0.3.2 173.00 ERROR
r-patched-solaris-x86 0.3.2 42.40 ERROR
r-release-linux-x86_64 0.3.2 0.90 31.46 32.36 ERROR
r-release-osx-x86_64-mavericks 0.3.2 OK
r-release-windows-ix86+x86_64 0.3.2 5.00 68.00 73.00 ERROR
r-oldrel-windows-ix86+x86_64 0.3.2 6.00 70.00 76.00 ERROR

Check Details

Version: 0.3.2
Check: tests
Result: ERROR
    Running the tests in ‘tests/testthat.R’ failed.
    Last 13 lines of output:
     testthat results ================================================================
     OK: 32 SKIPPED: 0 FAILED: 23
     1. Failure: add_flags works properly guessing names for rvertnet dataset (@test_multiple_records.R#38)
     2. Failure: add_flags works properly with a 1-row data.frame (@test_multiple_records.R#51)
     3. Failure: add_flags works properly with a 1-row data.frame (@test_multiple_records.R#52)
     4. Failure: add_flags works properly with a 1-row data.frame (@test_multiple_records.R#53)
     5. Failure: add_flags works properly with a 1-row data.frame (@test_multiple_records.R#54)
     6. Failure: add_flags works properly with a 1-row data.frame (@test_multiple_records.R#55)
     7. Failure: add_flags works properly with a 1-row data.frame (@test_multiple_records.R#56)
     8. Failure: add_flags works properly with a 1-row data.frame (@test_multiple_records.R#57)
     9. Failure: add_flags works properly with a 1-row data.frame (@test_multiple_records.R#58)
     1. ...
    
     Error: testthat unit tests failed
     Execution halted
Flavors: r-devel-linux-x86_64-debian-clang, r-devel-linux-x86_64-debian-gcc, r-devel-linux-x86_64-fedora-clang, r-devel-linux-x86_64-fedora-gcc, r-devel-macos-x86_64-clang, r-devel-windows-ix86+x86_64

Version: 0.3.2
Check: tests
Result: ERROR
    Running the tests in ‘tests/testthat.R’ failed.
    Last 13 lines of output:
     1. Failure: add_flags works properly guessing names for rvertnet dataset (@test_multiple_records.R#38)
     2. Failure: add_flags works properly with a 1-row data.frame (@test_multiple_records.R#51)
     3. Failure: add_flags works properly with a 1-row data.frame (@test_multiple_records.R#52)
     4. Failure: add_flags works properly with a 1-row data.frame (@test_multiple_records.R#53)
     5. Failure: add_flags works properly with a 1-row data.frame (@test_multiple_records.R#54)
     6. Failure: add_flags works properly with a 1-row data.frame (@test_multiple_records.R#55)
     7. Failure: add_flags works properly with a 1-row data.frame (@test_multiple_records.R#56)
     8. Failure: add_flags works properly with a 1-row data.frame (@test_multiple_records.R#57)
     9. Failure: add_flags works properly with a 1-row data.frame (@test_multiple_records.R#58)
     1. ...
    
     Error: testthat unit tests failed
     Execution halted
Flavors: r-patched-linux-x86_64, r-patched-solaris-sparc, r-patched-solaris-x86, r-release-linux-x86_64, r-release-windows-ix86+x86_64, r-oldrel-windows-ix86+x86_64

Version: 0.3.2
Check: package dependencies
Result: NOTE
    Package suggested but not available for checking: ‘rgbif’
Flavor: r-patched-solaris-sparc