CRAN Package Check Results for Package rhandsontable

Last updated on 2016-10-24 23:48:31.

Flavor Version Tinstall Tcheck Ttotal Status Flags
r-devel-linux-x86_64-debian-clang 0.3.3 1.42 28.60 30.02 NOTE
r-devel-linux-x86_64-debian-gcc 0.3.3 1.49 28.67 30.16 NOTE
r-devel-linux-x86_64-fedora-clang 0.3.3 52.61 NOTE
r-devel-linux-x86_64-fedora-gcc 0.3.3 50.19 NOTE
r-devel-macos-x86_64-clang 0.3.3 43.28 NOTE
r-devel-windows-ix86+x86_64 0.3.3 13.00 94.00 107.00 NOTE
r-patched-linux-x86_64 0.3.3 1.44 28.28 29.72 NOTE
r-patched-solaris-sparc 0.3.3 193.90 WARN
r-patched-solaris-x86 0.3.3 41.90 WARN
r-release-linux-x86_64 0.3.3 1.65 27.37 29.02 NOTE
r-release-osx-x86_64-mavericks 0.3.3 WARN
r-release-windows-ix86+x86_64 0.3.3 12.00 63.00 75.00 NOTE
r-oldrel-windows-ix86+x86_64 0.3.3 14.00 84.00 98.00 NOTE

Check Details

Version: 0.3.3
Check: installed package size
Result: NOTE
     installed size is 10.4Mb
     sub-directories of 1Mb or more:
     doc 9.4Mb
Flavors: r-devel-linux-x86_64-debian-clang, r-devel-linux-x86_64-debian-gcc, r-devel-linux-x86_64-fedora-clang, r-devel-linux-x86_64-fedora-gcc, r-devel-macos-x86_64-clang, r-devel-windows-ix86+x86_64, r-patched-linux-x86_64, r-patched-solaris-sparc, r-patched-solaris-x86, r-release-linux-x86_64, r-release-osx-x86_64-mavericks, r-release-windows-ix86+x86_64, r-oldrel-windows-ix86+x86_64

Version: 0.3.3
Check: re-building of vignette outputs
Result: WARN
    Error in re-building vignettes:
     ...
    Warning: It seems you should call rmarkdown::render() instead of knitr::knit2html() because intro_rhandsontable.Rmd appears to be an R Markdown v2 document.
    Quitting from lines 34-47 (intro_rhandsontable.Rmd)
    Error: processing vignette 'intro_rhandsontable.Rmd' failed with diagnostics:
    cannot open the connection
    Execution halted
Flavors: r-patched-solaris-sparc, r-patched-solaris-x86, r-release-osx-x86_64-mavericks