CRAN Package Check Results for Package rnbn

Last updated on 2016-10-24 23:48:31.

Flavor Version Tinstall Tcheck Ttotal Status Flags
r-devel-linux-x86_64-debian-clang 1.0.3 0.79 16.36 17.15 WARN
r-devel-linux-x86_64-debian-gcc 1.0.3 0.85 16.65 17.51 WARN
r-devel-linux-x86_64-fedora-clang 1.0.3 28.35 WARN
r-devel-linux-x86_64-fedora-gcc 1.0.3 27.45 WARN
r-devel-macos-x86_64-clang 1.0.3 25.45 WARN
r-devel-windows-ix86+x86_64 1.0.3 5.00 56.00 61.00 WARN
r-patched-linux-x86_64 1.0.3 0.68 15.66 16.34 NOTE
r-patched-solaris-sparc 1.0.3 166.30 NOTE
r-patched-solaris-x86 1.0.3 34.40 NOTE
r-release-linux-x86_64 1.0.3 0.69 15.44 16.13 NOTE
r-release-osx-x86_64-mavericks 1.0.3 NOTE
r-release-windows-ix86+x86_64 1.0.3 5.00 48.00 53.00 NOTE
r-oldrel-windows-ix86+x86_64 1.0.3 4.00 45.00 49.00 OK

Check Details

Version: 1.0.3
Check: R code for possible problems
Result: NOTE
    getOccurrences: no visible global function definition for ‘na.omit’
    Undefined global functions or variables:
     na.omit
    Consider adding
     importFrom("stats", "na.omit")
    to your NAMESPACE file.
Flavors: r-devel-linux-x86_64-debian-clang, r-devel-linux-x86_64-debian-gcc, r-devel-linux-x86_64-fedora-clang, r-devel-linux-x86_64-fedora-gcc, r-devel-macos-x86_64-clang, r-devel-windows-ix86+x86_64, r-patched-linux-x86_64, r-patched-solaris-sparc, r-patched-solaris-x86, r-release-linux-x86_64, r-release-osx-x86_64-mavericks, r-release-windows-ix86+x86_64

Version: 1.0.3
Check: files in ‘vignettes’
Result: WARN
    Files in the 'vignettes' directory newer than all files in 'inst/doc':
     ‘rnbn_vignette.Rmd’
Flavors: r-devel-linux-x86_64-debian-clang, r-devel-linux-x86_64-debian-gcc, r-devel-linux-x86_64-fedora-clang, r-devel-linux-x86_64-fedora-gcc, r-devel-macos-x86_64-clang, r-devel-windows-ix86+x86_64