Last updated on 2016-10-24 23:48:31.
Flavor | Version | Tinstall | Tcheck | Ttotal | Status | Flags |
---|---|---|---|---|---|---|
r-devel-linux-x86_64-debian-clang | 0.3.2 | 0.62 | 15.28 | 15.90 | WARN | |
r-devel-linux-x86_64-debian-gcc | 0.3.2 | 0.68 | 15.03 | 15.70 | WARN | |
r-devel-linux-x86_64-fedora-clang | 0.3.2 | 25.58 | WARN | |||
r-devel-linux-x86_64-fedora-gcc | 0.3.2 | 24.12 | WARN | |||
r-devel-macos-x86_64-clang | 0.3.2 | 22.14 | WARN | |||
r-devel-windows-ix86+x86_64 | 0.3.2 | 5.00 | 48.00 | 53.00 | WARN | |
r-patched-linux-x86_64 | 0.3.2 | 0.83 | 14.41 | 15.24 | OK | |
r-patched-solaris-sparc | 0.3.2 | 141.10 | OK | |||
r-patched-solaris-x86 | 0.3.2 | 32.10 | OK | |||
r-release-linux-x86_64 | 0.3.2 | 0.64 | 14.21 | 14.85 | OK | |
r-release-osx-x86_64-mavericks | 0.3.2 | OK | ||||
r-release-windows-ix86+x86_64 | 0.3.2 | 4.00 | 45.00 | 49.00 | OK | |
r-oldrel-windows-ix86+x86_64 | 0.3.2 | 4.00 | 42.00 | 46.00 | OK |
Version: 0.3.2
Check: files in ‘vignettes’
Result: WARN
Files in the 'vignettes' directory newer than all files in 'inst/doc':
‘using_robotstxt.Rmd’
Flavors: r-devel-linux-x86_64-debian-clang, r-devel-linux-x86_64-debian-gcc, r-devel-linux-x86_64-fedora-clang, r-devel-linux-x86_64-fedora-gcc, r-devel-macos-x86_64-clang, r-devel-windows-ix86+x86_64