Last updated on 2016-10-24 23:48:32.
Flavor | Version | Tinstall | Tcheck | Ttotal | Status | Flags |
---|---|---|---|---|---|---|
r-devel-linux-x86_64-debian-clang | 0.1.5.20 | 1.06 | 14.30 | 15.37 | WARN | |
r-devel-linux-x86_64-debian-gcc | 0.1.5.20 | 1.08 | 29.31 | 30.39 | WARN | |
r-devel-linux-x86_64-fedora-clang | 0.1.5.20 | 26.15 | WARN | |||
r-devel-linux-x86_64-fedora-gcc | 0.1.5.20 | 24.94 | WARN | |||
r-devel-macos-x86_64-clang | 0.1.5.20 | 22.36 | WARN | |||
r-devel-windows-ix86+x86_64 | 0.1.5.20 | 9.00 | 43.00 | 52.00 | WARN | |
r-patched-linux-x86_64 | 0.1.5.20 | 1.00 | 12.67 | 13.68 | OK | |
r-patched-solaris-sparc | 0.1.5.20 | 149.00 | OK | |||
r-patched-solaris-x86 | 0.1.5.20 | 34.70 | OK | |||
r-release-linux-x86_64 | 0.1.5.20 | 1.00 | 13.23 | 14.23 | OK | |
r-release-osx-x86_64-mavericks | 0.1.5.20 | OK | ||||
r-release-windows-ix86+x86_64 | 0.1.5.20 | 10.00 | 44.00 | 54.00 | OK | |
r-oldrel-windows-ix86+x86_64 | 0.1.5.20 | 9.00 | 44.00 | 53.00 | OK |
Version: 0.1.5.20
Check: files in ‘vignettes’
Result: WARN
Files in the 'vignettes' directory newer than all files in 'inst/doc':
‘NEWS.html’
Flavors: r-devel-linux-x86_64-debian-clang, r-devel-linux-x86_64-debian-gcc, r-devel-linux-x86_64-fedora-clang, r-devel-linux-x86_64-fedora-gcc, r-devel-macos-x86_64-clang, r-devel-windows-ix86+x86_64