CRAN Package Check Results for Package rredis

Last updated on 2016-10-24 23:48:32.

Flavor Version Tinstall Tcheck Ttotal Status Flags
r-devel-linux-x86_64-debian-clang 1.7.0 1.59 18.30 19.89 OK
r-devel-linux-x86_64-debian-gcc 1.7.0 1.43 18.49 19.92 OK
r-devel-linux-x86_64-fedora-clang 1.7.0 35.42 OK
r-devel-linux-x86_64-fedora-gcc 1.7.0 33.61 OK
r-devel-macos-x86_64-clang 1.7.0 30.70 OK
r-devel-windows-ix86+x86_64 1.7.0 13.00 82.00 95.00 WARN
r-patched-linux-x86_64 1.7.0 1.42 17.27 18.69 OK
r-patched-solaris-sparc 1.7.0 208.20 OK
r-patched-solaris-x86 1.7.0 41.60 OK
r-release-linux-x86_64 1.7.0 1.55 17.14 18.69 OK
r-release-osx-x86_64-mavericks 1.7.0 OK
r-release-windows-ix86+x86_64 1.7.0 9.00 45.00 54.00 OK
r-oldrel-windows-ix86+x86_64 1.7.0 10.00 44.00 54.00 OK

Check Details

Version: 1.7.0
Check: Rd cross-references
Result: WARN
    Warning in gzfile(file, "rb") :
     cannot open compressed file 'd:\RCompile\CRANpkg\lib\3.4/survival/Meta/Rd.rds', probable reason 'Permission denied'
    Error in gzfile(file, "rb") : cannot open the connection
    Calls: <Anonymous> -> lapply -> FUN -> readRDS -> gzfile
    Execution halted
Flavor: r-devel-windows-ix86+x86_64