CRAN Package Check Results for Package selectr

Last updated on 2016-10-24 23:48:33.

Flavor Version Tinstall Tcheck Ttotal Status Flags
r-devel-linux-x86_64-debian-clang 0.3-0 1.46 25.23 26.69 WARN
r-devel-linux-x86_64-debian-gcc 0.3-0 1.54 24.79 26.34 WARN
r-devel-linux-x86_64-fedora-clang 0.3-0 47.75 OK
r-devel-linux-x86_64-fedora-gcc 0.3-0 46.68 OK
r-devel-macos-x86_64-clang 0.3-0 38.09 OK
r-devel-windows-ix86+x86_64 0.3-0 6.00 61.00 67.00 OK
r-patched-linux-x86_64 0.3-0 1.50 23.98 25.48 WARN
r-patched-solaris-sparc 0.3-0 287.00 OK
r-patched-solaris-x86 0.3-0 58.70 OK
r-release-linux-x86_64 0.3-0 1.47 23.66 25.13 WARN
r-release-osx-x86_64-mavericks 0.3-0 OK
r-release-windows-ix86+x86_64 0.3-0 6.00 58.00 64.00 WARN
r-oldrel-windows-ix86+x86_64 0.3-0 7.00 58.00 65.00 WARN

Check Details

Version: 0.3-0
Check: whether package can be installed
Result: WARN
    Found the following significant warnings:
     Warning: S3 methods ‘[.xml_nodeset’, ‘xml_attr<-.xml_node’, ‘xml_attr<-.xml_nodeset’, ‘xml_attrs<-.xml_node’, ‘xml_attrs<-.xml_nodeset’, ‘xml_name<-.xml_node’, ‘xml_name<-.xml_nodeset’, ‘xml_text<-.xml_node’, ‘xml_text<-.xml_nodeset’, ‘as.character.xml_document’, ‘as.character.xml_missing’, ‘as.character.xml_node’, ‘as.character.xml_nodeset’, ‘as_list.xml_missing’, ‘as_list.xml_node’, ‘as_list.xml_nodeset’, ‘format.xml_node’, ‘nodeset_apply.xml_missing’, ‘nodeset_apply.xml_node’, ‘nodeset_apply.xml_nodeset’, ‘print.xml_document’, ‘print.xml_missing’, ‘print.xml_namespace’, ‘print.xml_node’, ‘print.xml_nodeset’, ‘read_html.default’, ‘read_html.response’, ‘read_xml.character’, ‘read_xml.connection’, ‘read_xml.raw’, ‘read_xml.response’, ‘tree_structure.xml_missing’, ‘tree_structure.xml_node’, ‘tree_structure.xml_nodeset’, ‘write_xml.xml_document’, ‘write_xml [... truncated]
Flavors: r-devel-linux-x86_64-debian-clang, r-devel-linux-x86_64-debian-gcc, r-patched-linux-x86_64, r-release-linux-x86_64

Version: 0.3-0
Check: whether package can be installed
Result: WARN
    Found the following significant warnings:
     Warning: S3 methods '[.xml_nodeset', 'xml_attr<-.xml_node', 'xml_attr<-.xml_nodeset', 'xml_attrs<-.xml_node', 'xml_attrs<-.xml_nodeset', 'xml_name<-.xml_node', 'xml_name<-.xml_nodeset', 'xml_text<-.xml_node', 'xml_text<-.xml_nodeset', 'as.character.xml_document', 'as.character.xml_missing', 'as.character.xml_node', 'as.character.xml_nodeset', 'as_list.xml_missing', 'as_list.xml_node', 'as_list.xml_nodeset', 'format.xml_node', 'nodeset_apply.xml_missing', 'nodeset_apply.xml_node', 'nodeset_apply.xml_nodeset', 'print.xml_document', 'print.xml_missing', 'print.xml_namespace', 'print.xml_node', 'print.xml_nodeset', 'read_html.default', 'read_html.response', 'read_xml.character', 'read_xml.connection', 'read_xml.raw', 'read_xml.response', 'tree_structure.xml_missing', 'tree_structure.xml_node', 'tree_structure.xml_nodeset', 'write_xml.xml_document', 'write_xml.xml_missing', 'write_xml.xml_node', 'write_xml.xml_nodeset', 'xml_add_child.xml_document', 'xml_add_child.xml_node', 'xml_add_child.xml_nodes [... truncated]
Flavors: r-release-windows-ix86+x86_64, r-oldrel-windows-ix86+x86_64