CRAN Package Check Results for Package sendmailR

Last updated on 2016-10-24 23:48:33.

Flavor Version Tinstall Tcheck Ttotal Status Flags
r-devel-linux-x86_64-debian-clang 1.2-1 0.58 10.08 10.65 NOTE
r-devel-linux-x86_64-debian-gcc 1.2-1 0.64 10.10 10.74 NOTE
r-devel-linux-x86_64-fedora-clang 1.2-1 18.24 NOTE
r-devel-linux-x86_64-fedora-gcc 1.2-1 17.00 NOTE
r-devel-macos-x86_64-clang 1.2-1 16.52 NOTE
r-devel-windows-ix86+x86_64 1.2-1 4.00 46.00 50.00 NOTE
r-patched-linux-x86_64 1.2-1 0.55 9.31 9.87 NOTE
r-patched-solaris-sparc 1.2-1 104.10 NOTE
r-patched-solaris-x86 1.2-1 23.80 NOTE
r-release-linux-x86_64 1.2-1 0.61 9.36 9.97 NOTE
r-release-osx-x86_64-mavericks 1.2-1 NOTE
r-release-windows-ix86+x86_64 1.2-1 2.00 29.00 31.00 NOTE
r-oldrel-windows-ix86+x86_64 1.2-1 2.00 23.00 25.00 OK

Check Details

Version: 1.2-1
Check: R code for possible problems
Result: NOTE
    .plot_attachment: no visible global function definition for ‘dev.off’
    .update_list: no visible global function definition for ‘modifyList’
    mime_part.data.frame: no visible global function definition for
     ‘write.table’
    mime_part.ggplot: no visible binding for global variable ‘pdf’
    mime_part.matrix: no visible global function definition for
     ‘write.table’
    mime_part.trellis: no visible binding for global variable ‘pdf’
    Undefined global functions or variables:
     dev.off modifyList pdf write.table
    Consider adding
     importFrom("grDevices", "dev.off", "pdf")
     importFrom("utils", "modifyList", "write.table")
    to your NAMESPACE file.
Flavors: r-devel-linux-x86_64-debian-clang, r-devel-linux-x86_64-debian-gcc, r-devel-linux-x86_64-fedora-clang, r-devel-linux-x86_64-fedora-gcc, r-devel-macos-x86_64-clang, r-devel-windows-ix86+x86_64, r-patched-linux-x86_64, r-patched-solaris-sparc, r-patched-solaris-x86, r-release-linux-x86_64, r-release-osx-x86_64-mavericks, r-release-windows-ix86+x86_64