Last updated on 2016-10-24 23:48:33.
Flavor | Version | Tinstall | Tcheck | Ttotal | Status | Flags |
---|---|---|---|---|---|---|
r-devel-linux-x86_64-debian-clang | 1.0.6 | 185.86 | 145.65 | 331.51 | NOTE | |
r-devel-linux-x86_64-debian-gcc | 1.0.6 | 200.33 | 136.75 | 337.08 | NOTE | |
r-devel-linux-x86_64-fedora-clang | 1.0.6 | 684.32 | NOTE | |||
r-devel-linux-x86_64-fedora-gcc | 1.0.6 | 662.17 | NOTE | |||
r-devel-macos-x86_64-clang | 1.0.6 | 427.73 | NOTE | |||
r-devel-windows-ix86+x86_64 | 1.0.6 | 745.00 | 277.00 | 1022.00 | NOTE | |
r-patched-linux-x86_64 | 1.0.6 | 157.72 | 134.30 | 292.01 | NOTE | |
r-patched-solaris-sparc | 1.0.6 | 3886.10 | NOTE | |||
r-patched-solaris-x86 | 1.0.6 | 633.50 | NOTE | |||
r-release-linux-x86_64 | 1.0.6 | 155.76 | 132.77 | 288.53 | NOTE | |
r-release-osx-x86_64-mavericks | 1.0.6 | NOTE | ||||
r-release-windows-ix86+x86_64 | 1.0.6 | 702.00 | 212.00 | 914.00 | NOTE | |
r-oldrel-windows-ix86+x86_64 | 1.0.6 | 602.00 | 336.00 | 938.00 | NOTE |
Version: 1.0.6
Check: installed package size
Result: NOTE
installed size is 12.0Mb
sub-directories of 1Mb or more:
doc 2.2Mb
libs 9.2Mb
Flavors: r-devel-linux-x86_64-debian-clang, r-devel-linux-x86_64-debian-gcc, r-devel-linux-x86_64-fedora-clang, r-devel-linux-x86_64-fedora-gcc, r-devel-windows-ix86+x86_64, r-patched-linux-x86_64, r-release-linux-x86_64, r-release-osx-x86_64-mavericks, r-release-windows-ix86+x86_64, r-oldrel-windows-ix86+x86_64
Version: 1.0.6
Check: dependencies in R code
Result: NOTE
Unexported objects imported by ':::' calls:
‘igraph:::.igraph.shapes’ ‘igraph:::i.get.arrow.mode’
‘igraph:::i.parse.plot.params’ ‘igraph:::igraph.Arrows’
‘igraph:::igraph.check.shapes’ ‘igraph:::igraph.polygon’
See the note in ?`:::` about the use of this operator.
Flavors: r-devel-linux-x86_64-debian-clang, r-devel-linux-x86_64-debian-gcc, r-devel-linux-x86_64-fedora-clang, r-devel-linux-x86_64-fedora-gcc, r-devel-macos-x86_64-clang, r-devel-windows-ix86+x86_64, r-patched-linux-x86_64, r-patched-solaris-sparc, r-patched-solaris-x86, r-release-linux-x86_64, r-release-osx-x86_64-mavericks, r-release-windows-ix86+x86_64, r-oldrel-windows-ix86+x86_64