Last updated on 2016-10-24 23:48:33.
Flavor | Version | Tinstall | Tcheck | Ttotal | Status | Flags |
---|---|---|---|---|---|---|
r-devel-linux-x86_64-debian-clang | 1.1 | 20.37 | 19.28 | 39.65 | OK | |
r-devel-linux-x86_64-debian-gcc | 1.1 | 22.08 | 18.85 | 40.93 | OK | |
r-devel-linux-x86_64-fedora-clang | 1.1 | 72.43 | OK | |||
r-devel-linux-x86_64-fedora-gcc | 1.1 | 75.16 | OK | |||
r-devel-macos-x86_64-clang | 1.1 | 50.66 | OK | |||
r-devel-windows-ix86+x86_64 | 1.1 | 81.00 | 54.00 | 135.00 | WARN | |
r-patched-linux-x86_64 | 1.1 | 18.67 | 17.67 | 36.33 | OK | |
r-patched-solaris-sparc | 1.1 | 366.50 | OK | |||
r-patched-solaris-x86 | 1.1 | 72.00 | OK | |||
r-release-linux-x86_64 | 1.1 | 18.32 | 17.81 | 36.13 | OK | |
r-release-osx-x86_64-mavericks | 1.1 | OK | ||||
r-release-windows-ix86+x86_64 | 1.1 | 77.00 | 53.00 | 130.00 | OK | |
r-oldrel-windows-ix86+x86_64 | 1.1 | 73.00 | 66.00 | 139.00 | OK |
Version: 1.1
Check: whether package can be installed
Result: WARN
Found the following significant warnings:
d:\RCompile\CRANpkg\lib\3.4/BH/include/boost/unordered/detail/buckets.hpp:703:29: warning: ISO C++ 1998 does not support 'long long' [-Wlong-long]
d:\RCompile\CRANpkg\lib\3.4/BH/include/boost/unordered/detail/buckets.hpp:708:38: warning: ISO C++ 1998 does not support 'long long' [-Wlong-long]
Flavor: r-devel-windows-ix86+x86_64