CRAN Package Check Results for Package shiny

Last updated on 2016-10-24 23:48:33.

Flavor Version Tinstall Tcheck Ttotal Status Flags
r-devel-linux-x86_64-debian-clang 0.14.1 2.89 45.17 48.06 NOTE
r-devel-linux-x86_64-debian-gcc 0.14.1 2.92 44.28 47.20 NOTE
r-devel-linux-x86_64-fedora-clang 0.14.1 81.02 NOTE
r-devel-linux-x86_64-fedora-gcc 0.14.1 79.37 NOTE
r-devel-macos-x86_64-clang 0.14.1 69.85 NOTE
r-devel-windows-ix86+x86_64 0.14.1 24.00 92.00 116.00 NOTE
r-patched-linux-x86_64 0.14.1 2.86 43.57 46.43 NOTE
r-patched-solaris-sparc 0.14.1 487.60 NOTE
r-patched-solaris-x86 0.14.1 95.90 NOTE
r-release-linux-x86_64 0.14.1 2.88 43.08 45.96 NOTE
r-release-osx-x86_64-mavericks 0.14.1 NOTE
r-release-windows-ix86+x86_64 0.14.1 20.00 96.00 116.00 NOTE
r-oldrel-windows-ix86+x86_64 0.14.1 25.00 100.00 125.00 NOTE

Check Details

Version: 0.14.1
Check: installed package size
Result: NOTE
     installed size is 7.4Mb
     sub-directories of 1Mb or more:
     www 6.2Mb
Flavors: r-devel-linux-x86_64-debian-clang, r-devel-linux-x86_64-debian-gcc, r-devel-linux-x86_64-fedora-clang, r-devel-linux-x86_64-fedora-gcc, r-devel-macos-x86_64-clang, r-devel-windows-ix86+x86_64, r-patched-linux-x86_64, r-patched-solaris-sparc, r-patched-solaris-x86, r-release-linux-x86_64, r-release-osx-x86_64-mavericks, r-release-windows-ix86+x86_64, r-oldrel-windows-ix86+x86_64