Last updated on 2016-10-24 23:48:33.
Flavor | Version | Tinstall | Tcheck | Ttotal | Status | Flags |
---|---|---|---|---|---|---|
r-devel-linux-x86_64-debian-clang | 0.2.1 | 1.59 | 17.30 | 18.89 | NOTE | |
r-devel-linux-x86_64-debian-gcc | 0.2.1 | 1.63 | 16.97 | 18.60 | NOTE | |
r-devel-linux-x86_64-fedora-clang | 0.2.1 | 29.20 | NOTE | |||
r-devel-linux-x86_64-fedora-gcc | 0.2.1 | 27.92 | NOTE | |||
r-devel-macos-x86_64-clang | 0.2.1 | 27.21 | NOTE | |||
r-devel-windows-ix86+x86_64 | 0.2.1 | 18.00 | 54.00 | 72.00 | NOTE | |
r-patched-linux-x86_64 | 0.2.1 | 1.66 | 16.42 | 18.08 | NOTE | |
r-patched-solaris-sparc | 0.2.1 | 202.60 | NOTE | |||
r-patched-solaris-x86 | 0.2.1 | 42.20 | NOTE | |||
r-release-linux-x86_64 | 0.2.1 | 1.60 | 16.62 | 18.23 | NOTE | |
r-release-osx-x86_64-mavericks | 0.2.1 | NOTE | ||||
r-release-windows-ix86+x86_64 | 0.2.1 | 22.00 | 41.00 | 63.00 | NOTE | |
r-oldrel-windows-ix86+x86_64 | 0.2.1 | 19.00 | 40.00 | 59.00 | NOTE |
Version: 0.2.1
Check: installed package size
Result: NOTE
installed size is 9.9Mb
sub-directories of 1Mb or more:
www 9.7Mb
Flavors: r-devel-linux-x86_64-debian-clang, r-devel-linux-x86_64-debian-gcc, r-devel-linux-x86_64-fedora-clang, r-devel-linux-x86_64-fedora-gcc, r-devel-macos-x86_64-clang, r-devel-windows-ix86+x86_64, r-patched-linux-x86_64, r-patched-solaris-sparc, r-patched-solaris-x86, r-release-linux-x86_64, r-release-osx-x86_64-mavericks, r-release-windows-ix86+x86_64, r-oldrel-windows-ix86+x86_64