CRAN Package Check Results for Package shinyBS

Last updated on 2016-10-24 23:48:33.

Flavor Version Tinstall Tcheck Ttotal Status Flags
r-devel-linux-x86_64-debian-clang 0.61 0.99 14.96 15.95 NOTE
r-devel-linux-x86_64-debian-gcc 0.61 1.12 14.65 15.78 NOTE
r-devel-linux-x86_64-fedora-clang 0.61 27.50 NOTE
r-devel-linux-x86_64-fedora-gcc 0.61 26.56 NOTE
r-devel-macos-x86_64-clang 0.61 23.99 NOTE
r-devel-windows-ix86+x86_64 0.61 5.00 56.00 61.00 NOTE
r-patched-linux-x86_64 0.61 1.16 14.16 15.33 NOTE
r-patched-solaris-sparc 0.61 166.40 NOTE
r-patched-solaris-x86 0.61 35.90 NOTE
r-release-linux-x86_64 0.61 1.07 14.06 15.13 NOTE
r-release-osx-x86_64-mavericks 0.61 NOTE
r-release-windows-ix86+x86_64 0.61 4.00 30.00 34.00 NOTE
r-oldrel-windows-ix86+x86_64 0.61 6.00 48.00 54.00 OK

Check Details

Version: 0.61
Check: R code for possible problems
Result: NOTE
    popify: no visible global function definition for ‘runif’
    tipify: no visible global function definition for ‘runif’
    Undefined global functions or variables:
     runif
    Consider adding
     importFrom("stats", "runif")
    to your NAMESPACE file.
Flavors: r-devel-linux-x86_64-debian-clang, r-devel-linux-x86_64-debian-gcc, r-devel-linux-x86_64-fedora-clang, r-devel-linux-x86_64-fedora-gcc, r-devel-macos-x86_64-clang, r-devel-windows-ix86+x86_64, r-patched-linux-x86_64, r-patched-solaris-sparc, r-patched-solaris-x86, r-release-linux-x86_64, r-release-osx-x86_64-mavericks, r-release-windows-ix86+x86_64