Last updated on 2016-10-24 23:48:34.
Flavor | Version | Tinstall | Tcheck | Ttotal | Status | Flags |
---|---|---|---|---|---|---|
r-devel-linux-x86_64-debian-clang | 1.12-2 | 71.05 | 212.67 | 283.72 | NOTE | |
r-devel-linux-x86_64-debian-gcc | 1.12-2 | 81.74 | 206.52 | 288.26 | NOTE | |
r-devel-linux-x86_64-fedora-clang | 1.12-2 | 548.56 | NOTE | |||
r-devel-linux-x86_64-fedora-gcc | 1.12-2 | 553.59 | NOTE | |||
r-devel-macos-x86_64-clang | 1.12-2 | 405.48 | OK | |||
r-devel-windows-ix86+x86_64 | 1.12-2 | 308.00 | 471.00 | 779.00 | OK | |
r-patched-linux-x86_64 | 1.12-2 | 68.72 | 196.51 | 265.23 | NOTE | |
r-patched-solaris-sparc | 1.12-2 | 2966.20 | OK | |||
r-patched-solaris-x86 | 1.12-2 | 582.60 | OK | |||
r-release-linux-x86_64 | 1.12-2 | 68.13 | 196.47 | 264.61 | NOTE | |
r-release-osx-x86_64-mavericks | 1.12-2 | NOTE | ||||
r-release-windows-ix86+x86_64 | 1.12-2 | 289.00 | 352.00 | 641.00 | OK | |
r-oldrel-windows-ix86+x86_64 | 1.12-2 | 287.00 | 513.00 | 800.00 | OK |
Version: 1.12-2
Check: installed package size
Result: NOTE
installed size is 6.1Mb
sub-directories of 1Mb or more:
libs 3.8Mb
Flavors: r-devel-linux-x86_64-debian-clang, r-devel-linux-x86_64-debian-gcc, r-devel-linux-x86_64-fedora-clang, r-devel-linux-x86_64-fedora-gcc, r-patched-linux-x86_64, r-release-linux-x86_64, r-release-osx-x86_64-mavericks