Last updated on 2016-10-24 23:48:34.
Flavor | Version | Tinstall | Tcheck | Ttotal | Status | Flags |
---|---|---|---|---|---|---|
r-devel-linux-x86_64-debian-clang | 0.2-8 | 0.65 | 19.36 | 20.01 | NOTE | |
r-devel-linux-x86_64-debian-gcc | 0.2-8 | 0.69 | 18.90 | 19.59 | NOTE | |
r-devel-linux-x86_64-fedora-clang | 0.2-8 | 36.33 | NOTE | |||
r-devel-linux-x86_64-fedora-gcc | 0.2-8 | 34.61 | NOTE | |||
r-devel-macos-x86_64-clang | 0.2-8 | 30.26 | NOTE | |||
r-devel-windows-ix86+x86_64 | 0.2-8 | 5.00 | 47.00 | 52.00 | NOTE | |
r-patched-linux-x86_64 | 0.2-8 | 0.66 | 18.61 | 19.27 | NOTE | |
r-patched-solaris-sparc | 0.2-8 | 216.40 | NOTE | |||
r-patched-solaris-x86 | 0.2-8 | 43.20 | NOTE | |||
r-release-linux-x86_64 | 0.2-8 | 0.68 | 18.66 | 19.35 | NOTE | |
r-release-osx-x86_64-mavericks | 0.2-8 | NOTE | ||||
r-release-windows-ix86+x86_64 | 0.2-8 | 5.00 | 37.00 | 42.00 | NOTE | |
r-oldrel-windows-ix86+x86_64 | 0.2-8 | 6.00 | 49.00 | 55.00 | NOTE |
Version: 0.2-8
Check: package dependencies
Result: NOTE
Package which this enhances but not available for checking: ‘kmndirs’
Flavors: r-devel-linux-x86_64-debian-clang, r-devel-linux-x86_64-debian-gcc, r-devel-linux-x86_64-fedora-clang, r-devel-linux-x86_64-fedora-gcc, r-devel-macos-x86_64-clang, r-devel-windows-ix86+x86_64, r-patched-linux-x86_64, r-patched-solaris-sparc, r-patched-solaris-x86, r-release-linux-x86_64, r-release-osx-x86_64-mavericks, r-release-windows-ix86+x86_64, r-oldrel-windows-ix86+x86_64
Version: 0.2-8
Check: dependencies in R code
Result: NOTE
Unavailable namespace imported from by a ':::' call: ‘kmndirs’
See the note in ?`:::` about the use of this operator.
Flavors: r-devel-linux-x86_64-debian-clang, r-devel-linux-x86_64-debian-gcc, r-devel-linux-x86_64-fedora-clang, r-devel-linux-x86_64-fedora-gcc, r-devel-macos-x86_64-clang, r-devel-windows-ix86+x86_64, r-patched-linux-x86_64, r-patched-solaris-sparc, r-patched-solaris-x86, r-release-linux-x86_64, r-release-osx-x86_64-mavericks, r-release-windows-ix86+x86_64, r-oldrel-windows-ix86+x86_64