CRAN Package Check Results for Package sortinghat

Last updated on 2016-10-24 23:48:34.

Flavor Version Tinstall Tcheck Ttotal Status Flags
r-devel-linux-x86_64-debian-clang 0.1 1.22 23.56 24.77 NOTE
r-devel-linux-x86_64-debian-gcc 0.1 1.22 24.31 25.52 NOTE
r-devel-linux-x86_64-fedora-clang 0.1 48.54 NOTE
r-devel-linux-x86_64-fedora-gcc 0.1 45.61 NOTE
r-devel-macos-x86_64-clang 0.1 37.31 NOTE
r-devel-windows-ix86+x86_64 0.1 5.00 61.00 66.00 NOTE
r-patched-linux-x86_64 0.1 1.24 22.66 23.90 NOTE
r-patched-solaris-sparc 0.1 277.20 NOTE
r-patched-solaris-x86 0.1 57.60 NOTE
r-release-linux-x86_64 0.1 1.32 22.56 23.88 NOTE
r-release-osx-x86_64-mavericks 0.1 NOTE
r-release-windows-ix86+x86_64 0.1 6.00 58.00 64.00 NOTE
r-oldrel-windows-ix86+x86_64 0.1 7.00 60.00 67.00 OK

Check Details

Version: 0.1
Check: R code for possible problems
Result: NOTE
    simdata_contaminated : <anonymous>: no visible global function
     definition for ‘rbinom’
    simdata_uniform : multivariate_uniform : <anonymous>: no visible global
     function definition for ‘runif’
    which_min: no visible global function definition for ‘head’
    which_min: no visible global function definition for ‘tail’
    Undefined global functions or variables:
     head rbinom runif tail
    Consider adding
     importFrom("stats", "rbinom", "runif")
     importFrom("utils", "head", "tail")
    to your NAMESPACE file.
Flavors: r-devel-linux-x86_64-debian-clang, r-devel-linux-x86_64-debian-gcc, r-devel-linux-x86_64-fedora-clang, r-devel-linux-x86_64-fedora-gcc, r-devel-macos-x86_64-clang, r-devel-windows-ix86+x86_64, r-patched-linux-x86_64, r-patched-solaris-sparc, r-patched-solaris-x86, r-release-linux-x86_64, r-release-osx-x86_64-mavericks, r-release-windows-ix86+x86_64