Last updated on 2016-10-24 23:48:35.
Flavor | Version | Tinstall | Tcheck | Ttotal | Status | Flags |
---|---|---|---|---|---|---|
r-devel-linux-x86_64-debian-clang | 1.47-0 | 102.35 | 530.69 | 633.03 | NOTE | --no-tests |
r-devel-linux-x86_64-debian-gcc | 1.47-0 | 105.82 | 535.97 | 641.79 | NOTE | --no-tests |
r-devel-linux-x86_64-fedora-clang | 1.47-0 | 1535.00 | NOTE | |||
r-devel-linux-x86_64-fedora-gcc | 1.47-0 | 1503.94 | NOTE | |||
r-devel-macos-x86_64-clang | 1.47-0 | 1143.23 | NOTE | |||
r-devel-windows-ix86+x86_64 | 1.47-0 | 314.00 | 0.00 | 314.00 | FAIL | |
r-patched-linux-x86_64 | 1.47-0 | 93.44 | 507.54 | 600.97 | NOTE | --no-tests |
r-patched-solaris-sparc | 1.47-0 | 7942.20 | NOTE | |||
r-patched-solaris-x86 | 1.47-0 | 1719.40 | NOTE | |||
r-release-linux-x86_64 | 1.47-0 | 92.18 | 509.34 | 601.52 | NOTE | --no-tests |
r-release-osx-x86_64-mavericks | 1.47-0 | NOTE | ||||
r-release-windows-ix86+x86_64 | 1.47-0 | 306.00 | 1465.00 | 1771.00 | NOTE | |
r-oldrel-windows-ix86+x86_64 | 1.45-2 | 335.00 | 1754.00 | 2089.00 | NOTE |
Version: 1.47-0
Flags: --no-tests
Check: installed package size
Result: NOTE
installed size is 20.4Mb
sub-directories of 1Mb or more:
R 4.6Mb
data 3.4Mb
doc 4.6Mb
help 4.9Mb
libs 1.6Mb
Flavors: r-devel-linux-x86_64-debian-clang, r-devel-linux-x86_64-debian-gcc, r-patched-linux-x86_64, r-release-linux-x86_64
Version: 1.47-0
Check: installed package size
Result: NOTE
installed size is 20.4Mb
sub-directories of 1Mb or more:
R 4.7Mb
data 3.4Mb
doc 4.6Mb
help 4.9Mb
libs 1.6Mb
Flavors: r-devel-linux-x86_64-fedora-clang, r-devel-linux-x86_64-fedora-gcc, r-devel-macos-x86_64-clang, r-devel-windows-ix86+x86_64, r-patched-solaris-sparc, r-patched-solaris-x86, r-release-osx-x86_64-mavericks, r-release-windows-ix86+x86_64
Version: 1.47-0
Check: running tests for arch ‘x64’
Result: FAIL
Check process probably crashed or hung up for 20 minutes ... killed
Most likely this happened in the example checks (?),
if not, ignore the following last lines of example output:
======== End of example output (where/before crash/hang up occured ?) ========
Flavor: r-devel-windows-ix86+x86_64
Version: 1.47-0
Check: package dependencies
Result: NOTE
Package suggested but not available for checking: ‘RandomFields’
Flavors: r-patched-solaris-sparc, r-patched-solaris-x86
Version: 1.47-0
Check: Rd cross-references
Result: NOTE
Package unavailable to check Rd xrefs: ‘RandomFields’
Flavors: r-patched-solaris-sparc, r-patched-solaris-x86
Version: 1.45-2
Check: installed package size
Result: NOTE
installed size is 19.2Mb
sub-directories of 1Mb or more:
R 3.7Mb
data 3.4Mb
doc 5.0Mb
help 4.8Mb
libs 1.2Mb
Flavor: r-oldrel-windows-ix86+x86_64