CRAN Package Check Results for Package stringi

Last updated on 2016-10-24 23:48:35.

Flavor Version Tinstall Tcheck Ttotal Status Flags
r-devel-linux-x86_64-debian-clang 1.1.2 57.07 23.82 80.89 OK
r-devel-linux-x86_64-debian-gcc 1.1.2 55.12 24.35 79.47 NOTE
r-devel-linux-x86_64-fedora-clang 1.1.2 174.87 NOTE
r-devel-linux-x86_64-fedora-gcc 1.1.2 140.47 NOTE
r-devel-macos-x86_64-clang 1.1.2 326.09 NOTE
r-devel-windows-ix86+x86_64 1.1.2 1542.00 73.00 1615.00 NOTE
r-patched-linux-x86_64 1.1.2 45.21 23.25 68.46 NOTE
r-patched-solaris-sparc 1.1.2 1524.70 NOTE
r-patched-solaris-x86 1.1.2 414.70 NOTE
r-release-linux-x86_64 1.1.2 46.80 23.20 69.99 NOTE
r-release-osx-x86_64-mavericks 1.1.2 NOTE
r-release-windows-ix86+x86_64 1.1.2 740.00 45.00 785.00 NOTE
r-oldrel-windows-ix86+x86_64 1.1.2 573.00 84.00 657.00 NOTE

Memtest notes: clang-UBSAN valgrind

Check Details

Version: 1.1.2
Check: installed package size
Result: NOTE
     installed size is 5.4Mb
     sub-directories of 1Mb or more:
     libs 4.8Mb
Flavors: r-devel-linux-x86_64-debian-gcc, r-devel-linux-x86_64-fedora-clang, r-devel-linux-x86_64-fedora-gcc, r-devel-macos-x86_64-clang, r-devel-windows-ix86+x86_64, r-patched-linux-x86_64, r-patched-solaris-sparc, r-patched-solaris-x86, r-release-linux-x86_64, r-release-osx-x86_64-mavericks, r-release-windows-ix86+x86_64, r-oldrel-windows-ix86+x86_64