Last updated on 2016-10-24 23:48:36.
Flavor | Version | Tinstall | Tcheck | Ttotal | Status | Flags |
---|---|---|---|---|---|---|
r-devel-linux-x86_64-debian-clang | 0.6.3 | 0.98 | 13.32 | 14.30 | OK | |
r-devel-linux-x86_64-debian-gcc | 0.6.3 | 0.97 | 12.86 | 13.83 | OK | |
r-devel-linux-x86_64-fedora-clang | 0.6.3 | 24.63 | OK | |||
r-devel-linux-x86_64-fedora-gcc | 0.6.3 | 22.66 | OK | |||
r-devel-macos-x86_64-clang | 0.6.3 | 20.52 | OK | |||
r-devel-windows-ix86+x86_64 | 0.6.3 | 7.00 | 40.00 | 47.00 | OK | |
r-patched-linux-x86_64 | 0.6.3 | 1.06 | 12.43 | 13.49 | OK | |
r-patched-solaris-sparc | 0.6.3 | 133.20 | OK | |||
r-patched-solaris-x86 | 0.6.3 | 32.50 | OK | |||
r-release-linux-x86_64 | 0.6.3 | 1.00 | 13.01 | 14.02 | OK | |
r-release-osx-x86_64-mavericks | 0.6.3 | ERROR | ||||
r-release-windows-ix86+x86_64 | 0.6.3 | 4.00 | 31.00 | 35.00 | OK | |
r-oldrel-windows-ix86+x86_64 | 0.6.3 | 7.00 | 46.00 | 53.00 | OK |
Version: 0.6.3
Check: package dependencies
Result: ERROR
Package required but not available: ‘d3r’
See section ‘The DESCRIPTION file’ in the ‘Writing R Extensions’
manual.
Flavor: r-release-osx-x86_64-mavericks