Last updated on 2016-10-24 23:48:37.
Flavor | Version | Tinstall | Tcheck | Ttotal | Status | Flags |
---|---|---|---|---|---|---|
r-devel-linux-x86_64-debian-clang | 1.2 | 8.51 | 21.15 | 29.66 | OK | |
r-devel-linux-x86_64-debian-gcc | 1.2 | 9.14 | 21.77 | 30.91 | OK | |
r-devel-linux-x86_64-fedora-clang | 1.2 | 60.80 | OK | |||
r-devel-linux-x86_64-fedora-gcc | 1.2 | 56.79 | OK | |||
r-devel-macos-x86_64-clang | 1.2 | 43.97 | OK | |||
r-devel-windows-ix86+x86_64 | 1.2 | 39.00 | 79.00 | 118.00 | OK | |
r-patched-linux-x86_64 | 1.2 | 7.61 | 20.74 | 28.36 | OK | |
r-patched-solaris-sparc | 1.2 | 277.20 | WARN | |||
r-patched-solaris-x86 | 1.2 | 60.30 | WARN | |||
r-release-linux-x86_64 | 1.2 | 7.83 | 20.35 | 28.18 | OK | |
r-release-osx-x86_64-mavericks | 1.2 | OK | ||||
r-release-windows-ix86+x86_64 | 1.2 | 38.00 | 64.00 | 102.00 | OK | |
r-oldrel-windows-ix86+x86_64 | 1.2 | 38.00 | 74.00 | 112.00 | OK |
Version: 1.2
Check: package dependencies
Result: NOTE
Package suggested but not available for checking: ‘microbenchmark’
Flavors: r-patched-solaris-sparc, r-patched-solaris-x86
Version: 1.2
Check: re-building of vignette outputs
Result: WARN
Error in re-building vignettes:
...
Warning: It seems you should call rmarkdown::render() instead of knitr::knit2html() because formatting.Rmd appears to be an R Markdown v2 document.
Warning: It seems you should call rmarkdown::render() instead of knitr::knit2html() because tibble.Rmd appears to be an R Markdown v2 document.
Quitting from lines 65-72 (tibble.Rmd)
Error: processing vignette 'tibble.Rmd' failed with diagnostics:
there is no package called 'microbenchmark'
Execution halted
Flavors: r-patched-solaris-sparc, r-patched-solaris-x86