Last updated on 2016-10-24 23:48:37.
Flavor | Version | Tinstall | Tcheck | Ttotal | Status | Flags |
---|---|---|---|---|---|---|
r-devel-linux-x86_64-debian-clang | 1.0.0 | 1.00 | 17.65 | 18.66 | OK | |
r-devel-linux-x86_64-debian-gcc | 1.0.0 | 1.04 | 17.69 | 18.73 | OK | |
r-devel-linux-x86_64-fedora-clang | 1.0.0 | 36.36 | NOTE | |||
r-devel-linux-x86_64-fedora-gcc | 1.0.0 | 34.44 | NOTE | |||
r-devel-macos-x86_64-clang | 1.0.0 | 28.65 | NOTE | |||
r-devel-windows-ix86+x86_64 | 1.0.0 | 7.00 | 48.00 | 55.00 | OK | |
r-patched-linux-x86_64 | 1.0.0 | 1.12 | 16.74 | 17.85 | OK | |
r-patched-solaris-sparc | 1.0.0 | 194.20 | NOTE | |||
r-patched-solaris-x86 | 1.0.0 | 43.90 | NOTE | |||
r-release-linux-x86_64 | 1.0.0 | 1.10 | 17.11 | 18.21 | OK | |
r-release-osx-x86_64-mavericks | 1.0.0 | NOTE | ||||
r-release-windows-ix86+x86_64 | 1.0.0 | 10.00 | 48.00 | 58.00 | OK | |
r-oldrel-windows-ix86+x86_64 | 1.0.0 | 8.00 | 51.00 | 59.00 | NOTE |
Version: 1.0.0
Check: dependencies in R code
Result: NOTE
Namespaces in Imports field not imported from:
‘DBI’ ‘broom’ ‘forcats’ ‘ggplot2’ ‘haven’ ‘hms’ ‘httr’ ‘jsonlite’
‘lubridate’ ‘modelr’ ‘readr’ ‘readxl’ ‘rvest’ ‘stringr’ ‘tidyr’
‘xml2’
All declared Imports should be used.
Flavors: r-devel-linux-x86_64-fedora-clang, r-devel-linux-x86_64-fedora-gcc, r-devel-macos-x86_64-clang, r-patched-solaris-sparc, r-patched-solaris-x86, r-release-osx-x86_64-mavericks, r-oldrel-windows-ix86+x86_64