CRAN Package Check Results for Package timelineS

Last updated on 2016-10-24 23:48:37.

Flavor Version Tinstall Tcheck Ttotal Status Flags
r-devel-linux-x86_64-debian-clang 0.1.1 1.27 23.36 24.63 OK
r-devel-linux-x86_64-debian-gcc 0.1.1 1.36 23.49 24.85 OK
r-devel-linux-x86_64-fedora-clang 0.1.1 48.12 NOTE
r-devel-linux-x86_64-fedora-gcc 0.1.1 45.25 NOTE
r-devel-macos-x86_64-clang 0.1.1 37.41 NOTE
r-devel-windows-ix86+x86_64 0.1.1 9.00 48.00 57.00 OK
r-patched-linux-x86_64 0.1.1 1.50 22.28 23.77 OK
r-patched-solaris-sparc 0.1.1 263.30 NOTE
r-patched-solaris-x86 0.1.1 56.70 NOTE
r-release-linux-x86_64 0.1.1 1.72 22.24 23.95 OK
r-release-osx-x86_64-mavericks 0.1.1 NOTE
r-release-windows-ix86+x86_64 0.1.1 8.00 52.00 60.00 OK
r-oldrel-windows-ix86+x86_64 0.1.1 9.00 65.00 74.00 NOTE

Check Details

Version: 0.1.1
Check: dependencies in R code
Result: NOTE
    Namespace in Imports field not imported from: ‘base’
     All declared Imports should be used.
Flavors: r-devel-linux-x86_64-fedora-clang, r-devel-linux-x86_64-fedora-gcc, r-devel-macos-x86_64-clang, r-patched-solaris-sparc, r-patched-solaris-x86, r-release-osx-x86_64-mavericks, r-oldrel-windows-ix86+x86_64