CRAN Package Check Results for Package traitr

Last updated on 2016-10-24 23:48:37.

Flavor Version Tinstall Tcheck Ttotal Status Flags
r-devel-linux-x86_64-debian-clang 0.14 1.45 25.29 26.74 NOTE
r-devel-linux-x86_64-debian-gcc 0.14 1.54 26.28 27.82 NOTE
r-devel-linux-x86_64-fedora-clang 0.14 49.77 NOTE
r-devel-linux-x86_64-fedora-gcc 0.14 47.03 NOTE
r-devel-macos-x86_64-clang 0.14 39.12 NOTE
r-devel-windows-ix86+x86_64 0.14 11.00 67.00 78.00 NOTE
r-patched-linux-x86_64 0.14 1.38 24.45 25.83 NOTE
r-patched-solaris-sparc 0.14 282.40 NOTE
r-patched-solaris-x86 0.14 57.50 NOTE
r-release-linux-x86_64 0.14 1.49 24.56 26.06 NOTE
r-release-osx-x86_64-mavericks 0.14 NOTE
r-release-windows-ix86+x86_64 0.14 6.00 61.00 67.00 NOTE
r-oldrel-windows-ix86+x86_64 0.14 9.00 66.00 75.00 NOTE

Check Details

Version: 0.14
Check: DESCRIPTION meta-information
Result: NOTE
    Malformed Title field: should not end in a period.
Flavors: r-devel-linux-x86_64-debian-clang, r-devel-linux-x86_64-debian-gcc, r-devel-linux-x86_64-fedora-clang, r-devel-linux-x86_64-fedora-gcc, r-devel-macos-x86_64-clang, r-devel-windows-ix86+x86_64, r-patched-linux-x86_64, r-patched-solaris-sparc, r-patched-solaris-x86, r-release-linux-x86_64, r-release-osx-x86_64-mavericks, r-release-windows-ix86+x86_64, r-oldrel-windows-ix86+x86_64