CRAN Package Check Results for Package treescape

Last updated on 2016-10-24 23:48:37.

Flavor Version Tinstall Tcheck Ttotal Status Flags
r-devel-linux-x86_64-debian-clang 1.10.17 16.51 1081.21 1097.71 OK
r-devel-linux-x86_64-debian-gcc 1.10.17 16.12 139.72 155.84 OK
r-devel-linux-x86_64-fedora-clang 1.10.17 324.75 OK
r-devel-linux-x86_64-fedora-gcc 1.10.17 321.25 OK
r-devel-macos-x86_64-clang 1.10.17 241.33 OK
r-devel-windows-ix86+x86_64 1.10.17 77.00 302.00 379.00 OK
r-patched-linux-x86_64 1.10.17 15.89 140.44 156.33 OK
r-patched-solaris-sparc 1.10.17 1617.60 WARN
r-patched-solaris-x86 1.10.17 379.60 WARN
r-release-linux-x86_64 1.10.17 15.21 140.01 155.22 OK
r-release-osx-x86_64-mavericks 1.10.17 WARN
r-release-windows-ix86+x86_64 1.10.17 64.00 371.00 435.00 OK
r-oldrel-windows-ix86+x86_64 1.10.17 75.00 439.00 514.00 OK

Check Details

Version: 1.10.17
Check: re-building of vignette outputs
Result: WARN
    Error in re-building vignettes:
     ...
    Warning: It seems you should call rmarkdown::render() instead of knitr::knit2html() because DengueVignette.Rmd appears to be an R Markdown v2 document.
    Loading required package: ape
    Loading required package: ade4
    Creating a generic function for 'toJSON' from package 'jsonlite' in package 'googleVis'
    negative edges length changed to 0!
    Quitting from lines 113-130 (DengueVignette.Rmd)
    Error: processing vignette 'DengueVignette.Rmd' failed with diagnostics:
    cannot open the connection
    Execution halted
Flavors: r-patched-solaris-sparc, r-patched-solaris-x86, r-release-osx-x86_64-mavericks