Last updated on 2016-10-24 23:48:37.
Flavor | Version | Tinstall | Tcheck | Ttotal | Status | Flags |
---|---|---|---|---|---|---|
r-devel-linux-x86_64-debian-clang | 0.8.5 | 23.98 | 470.17 | 494.15 | WARN | |
r-devel-linux-x86_64-debian-gcc | 0.8.5 | 23.13 | 37.59 | 60.73 | WARN | |
r-devel-linux-x86_64-fedora-clang | 0.8.5 | 133.58 | WARN | |||
r-devel-linux-x86_64-fedora-gcc | 0.8.5 | 128.86 | WARN | |||
r-devel-macos-x86_64-clang | 0.8.5 | 98.86 | WARN | |||
r-devel-windows-ix86+x86_64 | 0.8.5 | 77.00 | 108.00 | 185.00 | WARN | |
r-patched-linux-x86_64 | 0.8.5 | 19.29 | 37.01 | 56.30 | NOTE | |
r-patched-solaris-sparc | 0.8.5 | 663.90 | NOTE | |||
r-patched-solaris-x86 | 0.8.5 | 140.40 | NOTE | |||
r-release-linux-x86_64 | 0.8.5 | 20.04 | 36.29 | 56.33 | NOTE | |
r-release-osx-x86_64-mavericks | 0.8.5 | NOTE | ||||
r-release-windows-ix86+x86_64 | 0.8.5 | 78.00 | 102.00 | 180.00 | NOTE | |
r-oldrel-windows-ix86+x86_64 | 0.8.5 | 69.00 | 121.00 | 190.00 | OK |
Version: 0.8.5
Check: installed package size
Result: NOTE
installed size is 8.5Mb
sub-directories of 1Mb or more:
libs 8.2Mb
Flavors: r-devel-linux-x86_64-debian-clang, r-devel-linux-x86_64-debian-gcc, r-devel-linux-x86_64-fedora-clang, r-devel-linux-x86_64-fedora-gcc, r-patched-linux-x86_64, r-release-linux-x86_64, r-release-osx-x86_64-mavericks
Version: 0.8.5
Check: R code for possible problems
Result: NOTE
binary.hess: no visible global function definition for ‘as’
trust.optim: no visible global function definition for ‘as’
Undefined global functions or variables:
as
Consider adding
importFrom("methods", "as")
to your NAMESPACE file (and ensure that your DESCRIPTION Imports field
contains 'methods').
Flavors: r-devel-linux-x86_64-debian-clang, r-devel-linux-x86_64-debian-gcc, r-devel-linux-x86_64-fedora-clang, r-devel-linux-x86_64-fedora-gcc, r-devel-macos-x86_64-clang, r-devel-windows-ix86+x86_64, r-patched-linux-x86_64, r-patched-solaris-sparc, r-patched-solaris-x86, r-release-linux-x86_64, r-release-osx-x86_64-mavericks, r-release-windows-ix86+x86_64
Version: 0.8.5
Check: files in ‘vignettes’
Result: WARN
Files in the 'vignettes' directory newer than same file in 'inst/doc':
‘trustOptim-quick.Rmd’
Flavors: r-devel-linux-x86_64-debian-clang, r-devel-linux-x86_64-debian-gcc, r-devel-linux-x86_64-fedora-clang, r-devel-linux-x86_64-fedora-gcc, r-devel-macos-x86_64-clang, r-devel-windows-ix86+x86_64