Last updated on 2016-10-24 23:48:38.
Flavor | Version | Tinstall | Tcheck | Ttotal | Status | Flags |
---|---|---|---|---|---|---|
r-devel-linux-x86_64-debian-clang | 0.2.0 | 8.64 | 18.70 | 27.34 | OK | |
r-devel-linux-x86_64-debian-gcc | 0.2.0 | 9.11 | 18.45 | 27.57 | OK | |
r-devel-linux-x86_64-fedora-clang | 0.2.0 | 17.44 | ERROR | |||
r-devel-linux-x86_64-fedora-gcc | 0.2.0 | 15.96 | ERROR | |||
r-devel-macos-x86_64-clang | 0.2.0 | 40.51 | OK | |||
r-devel-windows-ix86+x86_64 | 0.2.0 | 35.00 | 76.00 | 111.00 | OK | |
r-patched-linux-x86_64 | 0.2.0 | 8.12 | 17.82 | 25.94 | OK | |
r-patched-solaris-sparc | 0.2.0 | 16.00 | ERROR | |||
r-patched-solaris-x86 | 0.2.0 | 3.00 | ERROR | |||
r-release-linux-x86_64 | 0.2.0 | 8.00 | 18.01 | 26.01 | OK | |
r-release-osx-x86_64-mavericks | 0.2.0 | ERROR | ||||
r-release-windows-ix86+x86_64 | 0.2.0 | 34.00 | 65.00 | 99.00 | OK | |
r-oldrel-windows-ix86+x86_64 | 0.2.0 | 34.00 | 79.00 | 113.00 | OK |
Version: 0.2.0
Check: whether package can be installed
Result: ERROR
Installation failed.
Flavors: r-devel-linux-x86_64-fedora-clang, r-devel-linux-x86_64-fedora-gcc, r-patched-solaris-sparc, r-patched-solaris-x86, r-release-osx-x86_64-mavericks