CRAN Package Check Results for Package webchem

Last updated on 2016-10-24 23:48:38.

Flavor Version Tinstall Tcheck Ttotal Status Flags
r-devel-linux-x86_64-debian-clang 0.1.0.0 1.75 24.64 26.39 OK
r-devel-linux-x86_64-debian-gcc 0.1.0.0 1.53 24.63 26.16 OK
r-devel-linux-x86_64-fedora-clang 0.1.0.0 45.92 OK
r-devel-linux-x86_64-fedora-gcc 0.1.0.0 43.70 OK
r-devel-macos-x86_64-clang 0.1.0.0 38.50 OK
r-devel-windows-ix86+x86_64 0.1.0.0 8.00 66.00 74.00 OK
r-patched-linux-x86_64 0.1.0.0 1.57 23.12 24.68 OK
r-patched-solaris-sparc 0.1.0.0 271.90 ERROR
r-patched-solaris-x86 0.1.0.0 59.60 ERROR
r-release-linux-x86_64 0.1.0.0 1.53 22.74 24.27 OK
r-release-osx-x86_64-mavericks 0.1.0.0 OK
r-release-windows-ix86+x86_64 0.1.0.0 7.00 63.00 70.00 OK
r-oldrel-windows-ix86+x86_64 0.1.0.0 9.00 67.00 76.00 OK

Check Details

Version: 0.1.0.0
Check: package dependencies
Result: NOTE
    Package suggested but not available for checking: ‘rcdk’
Flavors: r-patched-solaris-sparc, r-patched-solaris-x86

Version: 0.1.0.0
Check: examples
Result: ERROR
    Running examples in ‘webchem-Ex.R’ failed
    The error most likely occurred in:
    
    > ### Name: is.smiles
    > ### Title: Check if input is a SMILES string
    > ### Aliases: is.smiles
    >
    > ### ** Examples
    >
    > is.smiles('Clc(c(Cl)c(Cl)c1C(=O)O)c(Cl)c1Cl')
    Error: rcdk needed for this function to work. Please install it.
    Execution halted
Flavors: r-patched-solaris-sparc, r-patched-solaris-x86