CRAN Package Check Results for Package webreadr

Last updated on 2016-10-24 23:48:38.

Flavor Version Tinstall Tcheck Ttotal Status Flags
r-devel-linux-x86_64-debian-clang 0.4.0 8.06 16.49 24.55 OK
r-devel-linux-x86_64-debian-gcc 0.4.0 8.20 16.00 24.20 OK
r-devel-linux-x86_64-fedora-clang 0.4.0 44.33 OK
r-devel-linux-x86_64-fedora-gcc 0.4.0 41.24 OK
r-devel-macos-x86_64-clang 0.4.0 34.04 OK
r-devel-windows-ix86+x86_64 0.4.0 40.00 57.00 97.00 OK
r-patched-linux-x86_64 0.4.0 7.11 14.93 22.04 OK
r-patched-solaris-sparc 0.4.0 231.00 NOTE
r-patched-solaris-x86 0.4.0 50.20 NOTE
r-release-linux-x86_64 0.4.0 7.35 14.93 22.28 OK
r-release-osx-x86_64-mavericks 0.4.0 OK
r-release-windows-ix86+x86_64 0.4.0 38.00 53.00 91.00 OK
r-oldrel-windows-ix86+x86_64 0.4.0 35.00 66.00 101.00 OK

Check Details

Version: 0.4.0
Check: package dependencies
Result: NOTE
    Package suggested but not available for checking: ‘iptools’
Flavors: r-patched-solaris-sparc, r-patched-solaris-x86