Last updated on 2016-10-24 23:48:38.
Flavor | Version | Tinstall | Tcheck | Ttotal | Status | Flags |
---|---|---|---|---|---|---|
r-devel-linux-x86_64-debian-clang | 1.0.0 | 34.30 | 20.08 | 54.38 | WARN | |
r-devel-linux-x86_64-debian-gcc | 1.0.0 | 35.88 | 19.85 | 55.73 | WARN | |
r-devel-linux-x86_64-fedora-clang | 1.0.0 | 107.25 | WARN | |||
r-devel-linux-x86_64-fedora-gcc | 1.0.0 | 100.43 | WARN | |||
r-devel-macos-x86_64-clang | 1.0.0 | 73.73 | WARN | |||
r-devel-windows-ix86+x86_64 | 1.0.0 | 157.00 | 61.00 | 218.00 | WARN | |
r-patched-linux-x86_64 | 1.0.0 | 30.27 | 19.17 | 49.43 | OK | |
r-patched-solaris-sparc | 1.0.0 | 517.60 | OK | |||
r-patched-solaris-x86 | 1.0.0 | 107.40 | OK | |||
r-release-linux-x86_64 | 1.0.0 | 30.00 | 18.34 | 48.33 | OK | |
r-release-osx-x86_64-mavericks | 1.0.0 | OK | ||||
r-release-windows-ix86+x86_64 | 1.0.0 | 157.00 | 59.00 | 216.00 | NOTE | |
r-oldrel-windows-ix86+x86_64 | 1.0.0 | 154.00 | 84.00 | 238.00 | NOTE |
Version: 1.0.0
Check: files in ‘vignettes’
Result: WARN
Files in the 'vignettes' directory newer than all files in 'inst/doc':
‘modification.Rmd’
Flavors: r-devel-linux-x86_64-debian-clang, r-devel-linux-x86_64-debian-gcc, r-devel-linux-x86_64-fedora-clang, r-devel-linux-x86_64-fedora-gcc, r-devel-macos-x86_64-clang, r-devel-windows-ix86+x86_64
Version: 1.0.0
Check: installed package size
Result: NOTE
installed size is 6.5Mb
sub-directories of 1Mb or more:
libs 6.3Mb
Flavors: r-devel-windows-ix86+x86_64, r-release-windows-ix86+x86_64, r-oldrel-windows-ix86+x86_64