CRAN Package Check Results for Package BoomSpikeSlab

Last updated on 2016-10-25 23:47:30.

Flavor Version Tinstall Tcheck Ttotal Status Flags
r-devel-linux-x86_64-debian-clang 0.7.0 13.69 32.20 45.89 NOTE
r-devel-linux-x86_64-debian-gcc 0.7.0 15.63 32.48 48.11 NOTE
r-devel-linux-x86_64-fedora-clang 0.7.0 86.12 NOTE
r-devel-linux-x86_64-fedora-gcc 0.7.0 88.26 NOTE
r-devel-windows-ix86+x86_64 0.7.0 87.00 94.00 181.00 NOTE
r-patched-linux-x86_64 0.7.0 14.47 31.36 45.83 NOTE
r-release-linux-x86_64 0.7.0 14.63 31.36 45.99 NOTE
r-release-osx-x86_64-mavericks 0.7.0 NOTE
r-release-windows-ix86+x86_64 0.7.0 60.00 93.00 153.00 NOTE
r-oldrel-windows-ix86+x86_64 0.7.0 9.00 2.00 11.00 ERROR

Check Details

Version: 0.7.0
Check: installed package size
Result: NOTE
     installed size is 61.7Mb
     sub-directories of 1Mb or more:
     libs 61.4Mb
Flavors: r-devel-linux-x86_64-debian-clang, r-devel-linux-x86_64-debian-gcc, r-devel-linux-x86_64-fedora-clang, r-devel-linux-x86_64-fedora-gcc, r-devel-windows-ix86+x86_64, r-patched-linux-x86_64, r-release-linux-x86_64, r-release-osx-x86_64-mavericks, r-release-windows-ix86+x86_64

Version: 0.7.0
Check: package dependencies
Result: ERROR
    Package required and available but unsuitable version: 'Boom'
    
    See section 'The DESCRIPTION file' in the 'Writing R Extensions'
    manual.
Flavor: r-oldrel-windows-ix86+x86_64