CRAN Package Check Results for Package ClustOfVar

Last updated on 2016-10-25 23:47:31.

Flavor Version Tinstall Tcheck Ttotal Status Flags
r-devel-linux-x86_64-debian-clang 0.8 0.66 19.93 20.59 NOTE
r-devel-linux-x86_64-debian-gcc 0.8 0.68 19.30 19.98 NOTE
r-devel-linux-x86_64-fedora-clang 0.8 36.92 NOTE
r-devel-linux-x86_64-fedora-gcc 0.8 37.16 NOTE
r-devel-windows-ix86+x86_64 0.8 5.00 40.00 45.00 NOTE
r-patched-linux-x86_64 0.8 0.66 18.30 18.95 NOTE
r-patched-solaris-sparc 0.8 221.40 NOTE
r-patched-solaris-x86 0.8 41.40 NOTE
r-release-linux-x86_64 0.8 0.63 18.49 19.12 NOTE
r-release-osx-x86_64-mavericks 0.8 NOTE
r-release-windows-ix86+x86_64 0.8 3.00 38.00 41.00 NOTE
r-oldrel-windows-ix86+x86_64 0.8 2.00 35.00 37.00 OK

Check Details

Version: 0.8
Check: S3 generic/method consistency
Result: NOTE
    Found the following apparent S3 methods exported but not registered:
     print.clustvar
    See section ‘Registering S3 methods’ in the ‘Writing R Extensions’
    manual.
Flavors: r-devel-linux-x86_64-debian-clang, r-devel-linux-x86_64-debian-gcc, r-devel-linux-x86_64-fedora-clang, r-devel-linux-x86_64-fedora-gcc, r-devel-macos-x86_64-clang, r-patched-linux-x86_64, r-patched-solaris-sparc, r-patched-solaris-x86, r-release-linux-x86_64

Version: 0.8
Check: R code for possible problems
Result: NOTE
    cutreevar: no visible global function definition for ‘cutree’
    kmeansvar : eta2: no visible global function definition for ‘var’
    plot.clustab: no visible global function definition for ‘plot’
    plot.clustab: no visible global function definition for ‘axis’
    plot.hclustvar: no visible global function definition for ‘par’
    plot.hclustvar: no visible global function definition for
     ‘dev.interactive’
    plot.hclustvar: no visible global function definition for ‘plot’
    plot.hclustvar: no visible global function definition for ‘points’
    plot.hclustvar: no visible global function definition for ‘axis’
    rand: no visible global function definition for ‘combn’
    recodquant: no visible binding for global variable ‘sd’
    stability: no visible global function definition for ‘plot’
    stability: no visible global function definition for ‘axis’
    Undefined global functions or variables:
     axis combn cutree dev.interactive par plot points sd var
    Consider adding
     importFrom("grDevices", "dev.interactive")
     importFrom("graphics", "axis", "par", "plot", "points")
     importFrom("stats", "cutree", "sd", "var")
     importFrom("utils", "combn")
    to your NAMESPACE file.
Flavors: r-devel-linux-x86_64-debian-clang, r-devel-linux-x86_64-debian-gcc, r-devel-linux-x86_64-fedora-clang, r-devel-linux-x86_64-fedora-gcc, r-devel-macos-x86_64-clang, r-devel-windows-ix86+x86_64, r-patched-linux-x86_64, r-patched-solaris-sparc, r-patched-solaris-x86, r-release-linux-x86_64, r-release-osx-x86_64-mavericks, r-release-windows-ix86+x86_64