Last updated on 2016-10-25 23:47:31.
Flavor | Version | Tinstall | Tcheck | Ttotal | Status | Flags |
---|---|---|---|---|---|---|
r-devel-linux-x86_64-debian-clang | 1.0.2 | 1.39 | 34.13 | 35.52 | OK | |
r-devel-linux-x86_64-debian-gcc | 1.0.2 | 1.26 | 33.34 | 34.60 | OK | |
r-devel-linux-x86_64-fedora-clang | 1.0.2 | 65.81 | OK | |||
r-devel-linux-x86_64-fedora-gcc | 1.0.2 | 63.13 | OK | |||
r-devel-windows-ix86+x86_64 | 1.0.2 | 9.00 | 88.00 | 97.00 | OK | |
r-patched-linux-x86_64 | 1.0.2 | 1.40 | 31.68 | 33.08 | OK | |
r-patched-solaris-sparc | 1.0.2 | 329.80 | OK | |||
r-patched-solaris-x86 | 1.0.2 | 79.00 | OK | |||
r-release-linux-x86_64 | 1.0.2 | 1.30 | 32.00 | 33.30 | OK | |
r-release-osx-x86_64-mavericks | 1.0.2 | WARN | ||||
r-release-windows-ix86+x86_64 | 1.0.2 | 5.00 | 64.00 | 69.00 | OK | |
r-oldrel-windows-ix86+x86_64 | 1.0.2 | 9.00 | 90.00 | 99.00 | OK |
Version: 1.0.2
Check: whether package can be installed
Result: WARN
Found the following significant warnings:
Warning: 'rgl_init' failed, running with rgl.useNULL = TRUE
Flavor: r-release-osx-x86_64-mavericks
Version: 1.0.2
Check: dependencies in R code
Result: NOTE
Invalid MIT-MAGIC-COOKIE-1 key
Flavor: r-release-osx-x86_64-mavericks
Version: 1.0.2
Check: S3 generic/method consistency
Result: WARN
Invalid MIT-MAGIC-COOKIE-1 key
See section ‘Generic functions and methods’ in the ‘Writing R
Extensions’ manual.
Flavor: r-release-osx-x86_64-mavericks
Version: 1.0.2
Check: replacement functions
Result: WARN
Invalid MIT-MAGIC-COOKIE-1 key
The argument of a replacement function which corresponds to the right
hand side must be named ‘value’.
Flavor: r-release-osx-x86_64-mavericks
Version: 1.0.2
Check: foreign function calls
Result: NOTE
Invalid MIT-MAGIC-COOKIE-1 key
See chapter ‘System and foreign language interfaces’ in the ‘Writing R
Extensions’ manual.
Flavor: r-release-osx-x86_64-mavericks
Version: 1.0.2
Check: R code for possible problems
Result: NOTE
Invalid MIT-MAGIC-COOKIE-1 key
Flavor: r-release-osx-x86_64-mavericks
Version: 1.0.2
Check: for missing documentation entries
Result: WARN
Invalid MIT-MAGIC-COOKIE-1 key
All user-level objects in a package should have documentation entries.
See chapter ‘Writing R documentation files’ in the ‘Writing R
Extensions’ manual.
Flavor: r-release-osx-x86_64-mavericks
Version: 1.0.2
Check: for code/documentation mismatches
Result: WARN
Invalid MIT-MAGIC-COOKIE-1 key
Invalid MIT-MAGIC-COOKIE-1 key
Invalid MIT-MAGIC-COOKIE-1 key
Flavor: r-release-osx-x86_64-mavericks
Version: 1.0.2
Check: Rd \usage sections
Result: NOTE
Invalid MIT-MAGIC-COOKIE-1 key
The \usage entries for S3 methods should use the \method markup and not
their full name.
See chapter ‘Writing R documentation files’ in the ‘Writing R
Extensions’ manual.
Flavor: r-release-osx-x86_64-mavericks