CRAN Package Check Results for Package DDD

Last updated on 2016-10-25 23:47:32.

Flavor Version Tinstall Tcheck Ttotal Status Flags
r-devel-linux-x86_64-debian-clang 3.2 3.00 55.54 58.54 OK
r-devel-linux-x86_64-debian-gcc 3.2 3.22 55.26 58.48 OK
r-devel-linux-x86_64-fedora-clang 3.2 119.67 OK
r-devel-linux-x86_64-fedora-gcc 3.2 123.54 OK
r-devel-windows-ix86+x86_64 3.2 17.00 113.00 130.00 ERROR
r-patched-linux-x86_64 3.2 3.24 52.90 56.15 OK
r-patched-solaris-sparc 3.2 618.80 OK --no-examples
r-patched-solaris-x86 3.2 137.50 OK
r-release-linux-x86_64 3.2 3.30 52.51 55.81 OK
r-release-osx-x86_64-mavericks 3.2 OK
r-release-windows-ix86+x86_64 3.2 9.00 91.00 100.00 OK
r-oldrel-windows-ix86+x86_64 3.2 15.00 137.00 152.00 OK

Check Details

Version: 3.2
Check: examples
Result: ERROR
    Running examples in 'DDD-Ex.R' failed
    The error most likely occurred in:
    
    > ### Name: bd_ML
    > ### Title: Maximization of the loglikelihood under the
    > ### diversity-independent, possibly time-dependent diversification model
    > ### Aliases: bd_ML
    > ### Keywords: models
    >
    > ### ** Examples
    >
    > cat("Estimating parameters for a set of branching times brts with the default settings:")
    Estimating parameters for a set of branching times brts with the default settings:> brts = 1:20
    > bd_ML(brts = brts, cond = 1)
    You are optimizing lambda0 mu0
    You are fixing lambda1 mu1
    Optimizing the likelihood - this may take a while.
    The loglikelihood for the inital parameter values is -67.89565
    At line 35 of file dcopy.f
    Fortran runtime error: Index '2' of dimension 1 of array 'dy' above upper bound of 1
Flavor: r-devel-windows-ix86+x86_64