Last updated on 2016-10-25 23:47:34.
Flavor | Version | Tinstall | Tcheck | Ttotal | Status | Flags |
---|---|---|---|---|---|---|
r-devel-linux-x86_64-debian-clang | 0.2 | 1.24 | 18.83 | 20.07 | OK | |
r-devel-linux-x86_64-debian-gcc | 0.2 | 1.33 | 19.60 | 20.93 | OK | |
r-devel-linux-x86_64-fedora-clang | 0.2 | 33.91 | OK | |||
r-devel-linux-x86_64-fedora-gcc | 0.2 | 32.47 | OK | |||
r-devel-windows-ix86+x86_64 | 0.2 | 9.00 | 42.00 | 51.00 | OK | |
r-patched-linux-x86_64 | 0.2 | 1.38 | 17.89 | 19.27 | OK | |
r-patched-solaris-sparc | 0.2 | 198.50 | WARN | |||
r-patched-solaris-x86 | 0.2 | 41.70 | WARN | |||
r-release-linux-x86_64 | 0.2 | 1.36 | 18.32 | 19.68 | OK | |
r-release-osx-x86_64-mavericks | 0.2 | WARN | ||||
r-release-windows-ix86+x86_64 | 0.2 | 7.00 | 42.00 | 49.00 | OK | |
r-oldrel-windows-ix86+x86_64 | 0.2 | 12.00 | 50.00 | 62.00 | OK |
Version: 0.2
Check: re-building of vignette outputs
Result: WARN
Error in re-building vignettes:
...
Warning: It seems you should call rmarkdown::render() instead of knitr::knit2html() because DT.Rmd appears to be an R Markdown v2 document.
Quitting from lines 23-25 (DT.Rmd)
Error: processing vignette 'DT.Rmd' failed with diagnostics:
cannot open the connection
Execution halted
Flavors: r-patched-solaris-sparc, r-patched-solaris-x86
Version: 0.2
Check: re-building of vignette outputs
Result: WARN
Error in re-building vignettes:
...
Warning in (if (grepl("\\.[Rr]md$", file)) knit2html else if (grepl("\\.[Rr]rst$", :
It seems you should call rmarkdown::render() instead of knitr::knit2html() because DT.Rmd appears to be an R Markdown v2 document.
Quitting from lines 23-25 (DT.Rmd)
Error: processing vignette 'DT.Rmd' failed with diagnostics:
cannot open the connection
Execution halted
Flavor: r-release-osx-x86_64-mavericks