Last updated on 2016-10-25 23:47:33.
Flavor | Version | Tinstall | Tcheck | Ttotal | Status | Flags |
---|---|---|---|---|---|---|
r-devel-linux-x86_64-debian-clang | 0.1-0 | 4.95 | 56.67 | 61.62 | NOTE | |
r-devel-linux-x86_64-debian-gcc | 0.1-0 | 5.85 | 57.28 | 63.12 | NOTE | |
r-devel-linux-x86_64-fedora-clang | 0.1-0 | 127.17 | NOTE | |||
r-devel-linux-x86_64-fedora-gcc | 0.1-0 | 129.48 | NOTE | |||
r-devel-windows-ix86+x86_64 | 0.1-0 | 25.00 | 99.00 | 124.00 | NOTE | |
r-patched-linux-x86_64 | 0.1-0 | 5.46 | 56.00 | 61.46 | NOTE | |
r-patched-solaris-sparc | 0.1-0 | 704.20 | NOTE | |||
r-patched-solaris-x86 | 0.1-0 | 156.70 | NOTE | |||
r-release-linux-x86_64 | 0.1-0 | 7.57 | 56.39 | 63.96 | NOTE | |
r-release-osx-x86_64-mavericks | 0.1-0 | NOTE | ||||
r-release-windows-ix86+x86_64 | 0.1-0 | 15.00 | 100.00 | 115.00 | NOTE | |
r-oldrel-windows-ix86+x86_64 | 0.1-0 | 23.00 | 133.00 | 156.00 | NOTE |
Version: 0.1-0
Check: package dependencies
Result: NOTE
Depends: includes the non-default packages:
‘Deducer’ ‘psych’ ‘GPArotation’ ‘mvnormtest’ ‘irr’ ‘klaR’
Adding so many packages to the search path is excessive and importing
selectively is preferable.
Flavors: r-devel-linux-x86_64-debian-clang, r-devel-linux-x86_64-debian-gcc, r-devel-linux-x86_64-fedora-clang, r-devel-linux-x86_64-fedora-gcc, r-devel-macos-x86_64-clang, r-devel-windows-ix86+x86_64, r-patched-linux-x86_64, r-patched-solaris-sparc, r-patched-solaris-x86, r-release-linux-x86_64, r-release-osx-x86_64-mavericks, r-release-windows-ix86+x86_64, r-oldrel-windows-ix86+x86_64
Version: 0.1-0
Check: dependencies in R code
Result: NOTE
'library' or 'require' call to ‘klaR’ which was already attached by Depends.
Please remove these calls from your code.
Flavors: r-devel-linux-x86_64-debian-clang, r-devel-linux-x86_64-debian-gcc, r-devel-linux-x86_64-fedora-clang, r-devel-linux-x86_64-fedora-gcc, r-devel-macos-x86_64-clang, r-devel-windows-ix86+x86_64, r-patched-linux-x86_64, r-patched-solaris-sparc, r-patched-solaris-x86, r-release-linux-x86_64, r-release-osx-x86_64-mavericks, r-release-windows-ix86+x86_64, r-oldrel-windows-ix86+x86_64
Version: 0.1-0
Check: R code for possible problems
Result: NOTE
.makeICCDialog: no visible global function definition for ‘J’
.makeICCDialog: no visible global function definition for ‘new’
.makeICCDialog: no visible global function definition for ‘.jnull’
.makeNewFactorAnalysisDialog: no visible global function definition for
‘new’
.makeNewFactorAnalysisDialog: no visible global function definition for
‘J’
.makeNewFactorAnalysisDialog: no visible global function definition for
‘toJava’
.makeNewLDADialog: no visible global function definition for ‘new’
.makeNewLDADialog: no visible global function definition for ‘J’
.makeNewLDADialog : linkSubDialog: no visible global function
definition for ‘new’
.makeNewLDADialog : linkSubDialog: no visible global function
definition for ‘toJava’
.makeNewLDADialog: no visible global function definition for ‘toJava’
.makeNewReliabilityDialog: no visible global function definition for
‘new’
.makeNewReliabilityDialog: no visible global function definition for
‘toJava’
.onLoad: no visible global function definition for ‘.jnull’
.onLoad: no visible global function definition for ‘jgr.getMenuNames’
.onLoad: no visible global function definition for ‘jgr.insertMenu’
.onLoad: no visible global function definition for ‘jgr.addMenu’
.onLoad: no visible global function definition for ‘jgr.addMenuItem’
Undefined global functions or variables:
.jnull J jgr.addMenu jgr.addMenuItem jgr.getMenuNames jgr.insertMenu
new toJava
Consider adding
importFrom("methods", "new")
to your NAMESPACE file (and ensure that your DESCRIPTION Imports field
contains 'methods').
Flavors: r-devel-linux-x86_64-debian-clang, r-devel-linux-x86_64-debian-gcc, r-devel-linux-x86_64-fedora-clang, r-devel-linux-x86_64-fedora-gcc, r-devel-macos-x86_64-clang, r-patched-linux-x86_64, r-patched-solaris-sparc, r-patched-solaris-x86, r-release-linux-x86_64, r-release-osx-x86_64-mavericks
Version: 0.1-0
Check: R code for possible problems
Result: NOTE
.makeICCDialog: no visible global function definition for 'J'
.makeICCDialog: no visible global function definition for 'new'
.makeICCDialog: no visible global function definition for '.jnull'
.makeNewFactorAnalysisDialog: no visible global function definition for
'new'
.makeNewFactorAnalysisDialog: no visible global function definition for
'J'
.makeNewFactorAnalysisDialog: no visible global function definition for
'toJava'
.makeNewLDADialog: no visible global function definition for 'new'
.makeNewLDADialog: no visible global function definition for 'J'
.makeNewLDADialog : linkSubDialog: no visible global function
definition for 'new'
.makeNewLDADialog : linkSubDialog: no visible global function
definition for 'toJava'
.makeNewLDADialog: no visible global function definition for 'toJava'
.makeNewReliabilityDialog: no visible global function definition for
'new'
.makeNewReliabilityDialog: no visible global function definition for
'toJava'
.onLoad: no visible global function definition for '.jnull'
.onLoad: no visible global function definition for 'winMenuAdd'
.onLoad: no visible global function definition for 'winMenuAddItem'
.onLoad: no visible global function definition for 'jgr.getMenuNames'
.onLoad: no visible global function definition for 'jgr.insertMenu'
.onLoad: no visible global function definition for 'jgr.addMenu'
.onLoad: no visible global function definition for 'jgr.addMenuItem'
Undefined global functions or variables:
.jnull J jgr.addMenu jgr.addMenuItem jgr.getMenuNames jgr.insertMenu
new toJava winMenuAdd winMenuAddItem
Consider adding
importFrom("methods", "new")
importFrom("utils", "winMenuAdd", "winMenuAddItem")
to your NAMESPACE file (and ensure that your DESCRIPTION Imports field
contains 'methods').
Flavors: r-devel-windows-ix86+x86_64, r-release-windows-ix86+x86_64
Version: 0.1-0
Check: R code for possible problems
Result: NOTE
.makeICCDialog: no visible global function definition for 'J'
.makeICCDialog: no visible global function definition for '.jnull'
.makeNewFactorAnalysisDialog: no visible global function definition for
'J'
.makeNewFactorAnalysisDialog: no visible global function definition for
'toJava'
.makeNewLDADialog: no visible global function definition for 'J'
.makeNewLDADialog : linkSubDialog: no visible global function
definition for 'toJava'
.makeNewLDADialog: no visible global function definition for 'toJava'
.makeNewReliabilityDialog: no visible global function definition for
'toJava'
.onLoad: no visible global function definition for '.jnull'
.onLoad: no visible global function definition for 'jgr.getMenuNames'
.onLoad: no visible global function definition for 'jgr.insertMenu'
.onLoad: no visible global function definition for 'jgr.addMenu'
.onLoad: no visible global function definition for 'jgr.addMenuItem'
Flavor: r-oldrel-windows-ix86+x86_64