CRAN Package Check Results for Package DepthProc

Last updated on 2016-10-25 23:47:33.

Flavor Version Tinstall Tcheck Ttotal Status Flags
r-devel-linux-x86_64-debian-clang 1.0.7 66.33 35.90 102.23 OK
r-devel-linux-x86_64-debian-gcc 1.0.7 69.02 36.37 105.39 NOTE
r-devel-linux-x86_64-fedora-clang 1.0.7 216.44 OK
r-devel-linux-x86_64-fedora-gcc 1.0.7 203.81 NOTE
r-devel-windows-ix86+x86_64 1.0.7 258.00 119.00 377.00 OK
r-patched-linux-x86_64 1.0.7 55.38 34.37 89.75 NOTE
r-patched-solaris-sparc 1.0.7 1012.50 OK
r-patched-solaris-x86 1.0.7 188.20 OK
r-release-linux-x86_64 1.0.7 54.74 35.14 89.88 NOTE
r-release-osx-x86_64-mavericks 1.0.7 NOTE
r-release-windows-ix86+x86_64 1.0.7 209.00 94.00 303.00 OK
r-oldrel-windows-ix86+x86_64 1.0.7 248.00 136.00 384.00 OK

Check Details

Version: 1.0.7
Check: installed package size
Result: NOTE
     installed size is 5.9Mb
     sub-directories of 1Mb or more:
     libs 4.6Mb
Flavors: r-devel-linux-x86_64-debian-gcc, r-devel-linux-x86_64-fedora-gcc, r-patched-linux-x86_64, r-release-linux-x86_64

Version: 1.0.7
Check: dependencies in R code
Result: NOTE
    Invalid MIT-MAGIC-COOKIE-1 key
Flavor: r-release-osx-x86_64-mavericks