CRAN Package Check Results for Package EMbC

Last updated on 2016-10-25 23:47:34.

Flavor Version Tinstall Tcheck Ttotal Status Flags
r-devel-linux-x86_64-debian-clang 1.9.4 3.86 53.78 57.64 ERROR
r-devel-linux-x86_64-debian-gcc 1.9.4 3.74 53.80 57.55 ERROR
r-devel-linux-x86_64-fedora-clang 1.9.4 116.15 ERROR
r-devel-linux-x86_64-fedora-gcc 1.9.4 113.98 ERROR
r-devel-windows-ix86+x86_64 1.9.4 16.00 86.00 102.00 ERROR
r-patched-linux-x86_64 1.9.4 3.68 113.80 117.48 OK
r-patched-solaris-sparc 1.9.4 1501.10 OK
r-patched-solaris-x86 1.9.4 251.80 OK
r-release-linux-x86_64 1.9.4 3.88 111.10 114.98 OK
r-release-osx-x86_64-mavericks 1.9.4 OK
r-release-windows-ix86+x86_64 1.9.4 10.00 322.00 332.00 OK
r-oldrel-windows-ix86+x86_64 1.9.4 15.00 416.00 431.00 OK

Check Details

Version: 1.9.4
Check: files in ‘vignettes’
Result: WARN
    Files in the 'vignettes' directory newer than all files in 'inst/doc':
     ‘EMbC_qckref.Rmd’, ‘biblio.bib’, ‘imgs/pkml0.png’
Flavors: r-devel-linux-x86_64-debian-clang, r-devel-linux-x86_64-debian-gcc, r-devel-linux-x86_64-fedora-clang, r-devel-linux-x86_64-fedora-gcc, r-devel-macos-x86_64-clang, r-devel-windows-ix86+x86_64

Version: 1.9.4
Check: examples
Result: ERROR
    Running examples in ‘EMbC-Ex.R’ failed
    The error most likely occurred in:
    
    > base::assign(".ptime", proc.time(), pos = "CheckExEnv")
    > ### Name: cnfm
    > ### Title: Confusion matrix
    > ### Aliases: cnfm cnfm,binClst,binClst-method cnfm,binClst,numeric-method
    > ### cnfm,binClstPath,missing-method cnfm,binClstStck,missing-method
    >
    > ### ** Examples
    >
    > # -- apply EMbC to the example path --
    > mybcp <- stbc(expth,info=-1)
    [1] 0 -0.0000e+00 4 600
    [1] ... Stable clustering
    > # -- compute the confusion matrix --
    > cnfm(mybcp,expth$lbl)
    Error in formatC(c("mrg ", "Rcl ", "Fms "), width = nchar(rowlbls[[1]]), :
     'flag' should contain only characters from [0+- #'I]
    Calls: cnfm -> cnfm -> .local -> formatC
    Execution halted
Flavors: r-devel-linux-x86_64-debian-clang, r-devel-linux-x86_64-debian-gcc

Version: 1.9.4
Check: re-building of vignette outputs
Result: WARN
    Error in re-building vignettes:
     ...
    Quitting from lines 194-195 (EMbC_qckref.Rmd)
    Error: processing vignette ‘EMbC_qckref.Rmd’ failed with diagnostics:
    'flag' should contain only characters from [0+- #'I]
    Execution halted
Flavors: r-devel-linux-x86_64-debian-clang, r-devel-linux-x86_64-debian-gcc, r-devel-linux-x86_64-fedora-clang, r-devel-linux-x86_64-fedora-gcc, r-devel-macos-x86_64-clang, r-devel-windows-ix86+x86_64

Version: 1.9.4
Check: examples
Result: ERROR
    Running examples in ‘EMbC-Ex.R’ failed
    The error most likely occurred in:
    
    > ### Name: cnfm
    > ### Title: Confusion matrix
    > ### Aliases: cnfm cnfm,binClst,binClst-method cnfm,binClst,numeric-method
    > ### cnfm,binClstPath,missing-method cnfm,binClstStck,missing-method
    >
    > ### ** Examples
    >
    > # -- apply EMbC to the example path --
    > mybcp <- stbc(expth,info=-1)
    [1] 0 -0.0000e+00 4 600
    [1] ... Stable clustering
    > # -- compute the confusion matrix --
    > cnfm(mybcp,expth$lbl)
    Error in formatC(c("mrg ", "Rcl ", "Fms "), width = nchar(rowlbls[[1]]), :
     'flag' should contain only characters from [0+- #'I]
    Calls: cnfm -> cnfm -> .local -> formatC
    Execution halted
Flavors: r-devel-linux-x86_64-fedora-clang, r-devel-linux-x86_64-fedora-gcc, r-devel-macos-x86_64-clang, r-devel-windows-ix86+x86_64