CRAN Package Check Results for Package EvalEst

Last updated on 2016-10-25 23:47:35.

Flavor Version Tinstall Tcheck Ttotal Status Flags
r-devel-linux-x86_64-debian-clang 2015.4-2 0.85 25.99 26.84 NOTE
r-devel-linux-x86_64-debian-gcc 2015.4-2 0.92 25.91 26.83 NOTE
r-devel-linux-x86_64-fedora-clang 2015.4-2 48.09 NOTE
r-devel-linux-x86_64-fedora-gcc 2015.4-2 48.20 NOTE
r-devel-windows-ix86+x86_64 2015.4-2 6.00 78.00 84.00 NOTE
r-patched-linux-x86_64 2015.4-2 0.88 23.76 24.63 NOTE
r-patched-solaris-sparc 2015.4-2 278.30 NOTE
r-patched-solaris-x86 2015.4-2 55.00 NOTE
r-release-linux-x86_64 2015.4-2 0.82 23.72 24.54 NOTE
r-release-osx-x86_64-mavericks 2015.4-2 NOTE
r-release-windows-ix86+x86_64 2015.4-2 3.00 51.00 54.00 NOTE
r-oldrel-windows-ix86+x86_64 2015.4-2 5.00 66.00 71.00 OK

Check Details

Version: 2015.4-2
Check: R code for possible problems
Result: NOTE
    TSestModel.coefEstEval: no visible binding for global variable ‘data’
    distribution.MonteCarloSimulations: no visible global function
     definition for ‘par’
    distribution.MonteCarloSimulations: no visible binding for global
     variable ‘var’
    distribution.MonteCarloSimulations: no visible global function
     definition for ‘plot’
    distribution.MonteCarloSimulations: no visible global function
     definition for ‘density’
    distribution.MonteCarloSimulations: no visible global function
     definition for ‘ksmooth’
    distribution.MonteCarloSimulations: no visible global function
     definition for ‘var’
    distribution.MonteCarloSimulations: no visible global function
     definition for ‘title’
    distribution.coefEstEval: no visible global function definition for
     ‘par’
    distribution.coefEstEval: no visible global function definition for
     ‘density’
    distribution.coefEstEval: no visible global function definition for
     ‘ksmooth’
    distribution.coefEstEval: no visible global function definition for
     ‘plot’
    distribution.coefEstEval: no visible global function definition for
     ‘lines’
    distribution.default: no visible global function definition for ‘par’
    distribution.default: no visible global function definition for
     ‘density’
    distribution.default: no visible global function definition for
     ‘ksmooth’
    distribution.default: no visible global function definition for ‘plot’
    distribution.rootsEstEval: no visible global function definition for
     ‘par’
    distribution.rootsEstEval: no visible global function definition for
     ‘ksmooth’
    distribution.rootsEstEval: no visible global function definition for
     ‘density’
    distribution.rootsEstEval: no visible global function definition for
     ‘plot’
    distribution.rootsEstEval: no visible global function definition for
     ‘lines’
    generateSSmodel: no visible global function definition for ‘runif’
    plot.rootsEstEval: no visible global function definition for ‘plot’
    plot.rootsEstEval: no visible global function definition for ‘matplot’
    summary.MonteCarloSimulations: no visible binding for global variable
     ‘var’
    tfplot.EstEval: no visible global function definition for ‘par’
    tfplot.EstEval: no visible global function definition for ‘title’
    tfplot.MonteCarloSimulations: no visible global function definition for
     ‘par’
    tfplot.MonteCarloSimulations: no visible global function definition for
     ‘title’
    Undefined global functions or variables:
     data density ksmooth lines matplot par plot runif title var
    Consider adding
     importFrom("graphics", "lines", "matplot", "par", "plot", "title")
     importFrom("stats", "density", "ksmooth", "runif", "var")
     importFrom("utils", "data")
    to your NAMESPACE file.
Flavors: r-devel-linux-x86_64-debian-clang, r-devel-linux-x86_64-debian-gcc, r-devel-linux-x86_64-fedora-clang, r-devel-linux-x86_64-fedora-gcc, r-devel-macos-x86_64-clang, r-devel-windows-ix86+x86_64, r-patched-linux-x86_64, r-patched-solaris-sparc, r-patched-solaris-x86, r-release-linux-x86_64, r-release-osx-x86_64-mavericks, r-release-windows-ix86+x86_64