Last updated on 2016-10-25 23:47:36.
Flavor | Version | Tinstall | Tcheck | Ttotal | Status | Flags |
---|---|---|---|---|---|---|
r-devel-linux-x86_64-debian-clang | 0.1-2 | 1.16 | 13.43 | 14.59 | NOTE | |
r-devel-linux-x86_64-debian-gcc | 0.1-2 | 1.31 | 13.95 | 15.26 | NOTE | |
r-devel-linux-x86_64-fedora-clang | 0.1-2 | 25.79 | NOTE | |||
r-devel-linux-x86_64-fedora-gcc | 0.1-2 | 24.93 | NOTE | |||
r-devel-windows-ix86+x86_64 | 0.1-2 | 10.00 | 31.00 | 41.00 | NOTE | |
r-patched-linux-x86_64 | 0.1-2 | 1.26 | 12.79 | 14.05 | NOTE | |
r-patched-solaris-sparc | 0.1-2 | 133.80 | NOTE | |||
r-patched-solaris-x86 | 0.1-2 | 27.80 | NOTE | |||
r-release-linux-x86_64 | 0.1-2 | 1.33 | 12.47 | 13.80 | NOTE | |
r-release-osx-x86_64-mavericks | 0.1-2 | NOTE | ||||
r-release-windows-ix86+x86_64 | 0.1-2 | 7.00 | 31.00 | 38.00 | NOTE | |
r-oldrel-windows-ix86+x86_64 | 0.1-2 | 16.00 | 28.00 | 44.00 | OK |
Version: 0.1-2
Check: R code for possible problems
Result: NOTE
BSOptionValue: no visible global function definition for ‘pnorm’
ImpliedVol: no visible global function definition for ‘uniroot’
callFMstable: no visible global function definition for ‘integrate’
fitGivenQuantile: no visible global function definition for ‘uniroot’
matchQuartiles: no visible global function definition for ‘optim’
putFMstable: no visible global function definition for ‘integrate’
standardStableQuantile: no visible global function definition for
‘qnorm’
tailsGstable: no visible global function definition for ‘integrate’
Undefined global functions or variables:
integrate optim pnorm qnorm uniroot
Consider adding
importFrom("stats", "integrate", "optim", "pnorm", "qnorm", "uniroot")
to your NAMESPACE file.
Flavors: r-devel-linux-x86_64-debian-clang, r-devel-linux-x86_64-debian-gcc, r-devel-linux-x86_64-fedora-clang, r-devel-linux-x86_64-fedora-gcc, r-devel-macos-x86_64-clang, r-devel-windows-ix86+x86_64, r-patched-linux-x86_64, r-patched-solaris-sparc, r-patched-solaris-x86, r-release-linux-x86_64, r-release-osx-x86_64-mavericks, r-release-windows-ix86+x86_64