CRAN Package Check Results for Package GAS

Last updated on 2016-10-25 23:47:37.

Flavor Version Tinstall Tcheck Ttotal Status Flags
r-devel-linux-x86_64-debian-clang 0.1.4 159.97 46.62 206.59 NOTE
r-devel-linux-x86_64-debian-gcc 0.1.4 176.36 46.45 222.81 NOTE
r-devel-linux-x86_64-fedora-clang 0.1.4 435.23 NOTE
r-devel-linux-x86_64-fedora-gcc 0.1.4 435.22 NOTE
r-devel-windows-ix86+x86_64 0.1.4 632.00 139.00 771.00 OK
r-patched-linux-x86_64 0.1.4 136.87 45.28 182.15 NOTE
r-patched-solaris-sparc 0.1.4 1857.50 OK
r-patched-solaris-x86 0.1.4 363.10 OK
r-release-linux-x86_64 0.1.4 135.22 44.87 180.09 NOTE
r-release-osx-x86_64-mavericks 0.1.4 NOTE
r-release-windows-ix86+x86_64 0.1.4 520.00 108.00 628.00 OK
r-oldrel-windows-ix86+x86_64 0.1.4 627.00 164.00 791.00 NOTE

Check Details

Version: 0.1.4
Check: installed package size
Result: NOTE
     installed size is 9.0Mb
     sub-directories of 1Mb or more:
     data 1.3Mb
     libs 6.6Mb
Flavors: r-devel-linux-x86_64-debian-clang, r-devel-linux-x86_64-debian-gcc, r-devel-linux-x86_64-fedora-clang, r-devel-linux-x86_64-fedora-gcc, r-patched-linux-x86_64, r-release-linux-x86_64, r-release-osx-x86_64-mavericks, r-oldrel-windows-ix86+x86_64