CRAN Package Check Results for Package GFD

Last updated on 2016-10-25 23:47:37.

Flavor Version Tinstall Tcheck Ttotal Status Flags
r-devel-linux-x86_64-debian-clang 0.2.2 0.62 35.76 36.38 OK
r-devel-linux-x86_64-debian-gcc 0.2.2 0.66 36.94 37.60 OK
r-devel-linux-x86_64-fedora-clang 0.2.2 70.95 OK
r-devel-linux-x86_64-fedora-gcc 0.2.2 69.29 OK
r-devel-windows-ix86+x86_64 0.2.2 6.00 94.00 100.00 OK
r-patched-linux-x86_64 0.2.2 0.66 34.20 34.86 OK
r-patched-solaris-sparc 0.2.2 407.60 OK
r-patched-solaris-x86 0.2.2 75.30 OK
r-release-linux-x86_64 0.2.2 0.66 33.55 34.21 OK
r-release-osx-x86_64-mavericks 0.2.2 WARN
r-release-windows-ix86+x86_64 0.2.2 2.00 72.00 74.00 OK
r-oldrel-windows-ix86+x86_64 0.2.2 4.00 85.00 89.00 OK

Check Details

Version: 0.2.2
Check: dependencies in R code
Result: NOTE
    Invalid MIT-MAGIC-COOKIE-1 key
Flavor: r-release-osx-x86_64-mavericks

Version: 0.2.2
Check: re-building of vignette outputs
Result: WARN
    Error in re-building vignettes:
     ...
     5: calculateGUI()
     6: eval(expr, envir, enclos)
     7: eval(expr, envir, enclos)
     8: withVisible(eval(expr, envir, enclos))
     9: withCallingHandlers(withVisible(eval(expr, envir, enclos)), warning = wHandler, error = eHandler, message = mHandler)
    10: handle(ev <- withCallingHandlers(withVisible(eval(expr, envir, enclos)), warning = wHandler, error = eHandler, message = mHandler))
    11: evaluate_call(expr, parsed$src[[i]], envir = envir, enclos = enclos, debug = debug, last = i == length(out), use_try = stop_on_error != 2L, keep_warning = keep_warning, keep_message = keep_message, output_handler = output_handler)
    12: evaluate::evaluate(code, envir = env, new_device = FALSE, keep_warning = !isFALSE(options$warning), keep_message = !isFALSE(options$message), stop_on_error = if (options$error && options$include) 0L else 2L, output_handler = knit_handlers(options$render, options))
    13: in_dir(opts_knit$get("root.dir") %n% input_dir(), evaluate::evaluate(code, envir = env, new_device = FALSE, keep_warning = !isFALSE(options$warning), keep_message = !isFALSE(options$message), stop_on_error = if (options$error && options$include) 0L else 2L, output_handler = knit_handlers(options$render, options)))
    14: block_exec(params)
    15: call_block(x)
    16: process_group.block(group)
    17: process_group(group)
    18: withCallingHandlers(if (tangle) process_tangle(group) else process_group(group), error = function(e) { setwd(wd) cat(res, sep = "\n", file = output %n% "") message("Quitting from lines ", paste(current_lines(i), collapse = "-"), " (", knit_concord$get("infile"), ") ") })
    19: process_file(text, output)
    20: knit(input, text = text, envir = envir, encoding = encoding, quiet = quiet)
    21: (if (grepl("\\.[Rr]md$", file)) knit2html else if (grepl("\\.[Rr]rst$", file)) knit2pdf else knit)(file, encoding = encoding, quiet = quiet, envir = globalenv())
    22: vweave(...)
    23: engine$weave(file, quiet = quiet, encoding = enc)
    24: doTryCatch(return(expr), name, parentenv, handler)
    25: tryCatchOne(expr, names, parentenv, handlers[[1L]])
    26: tryCatchList(expr, classes, parentenv, handlers)
    27: tryCatch({ engine$weave(file, quiet = quiet, encoding = enc) setwd(startdir) find_vignette_product(name, by = "weave", engine = engine)}, error = function(e) { stop(gettextf("processing vignette '%s' failed with diagnostics:\n%s", file, conditionMessage(e)), domain = NA, call. = FALSE)})
    28: buildVignettes(dir = "/Builds/CRAN-QA-Simon/packages/mavericks-x86_64/results/3.3/GFD.Rcheck/vign_test/GFD")
    An irrecoverable exception occurred. R is aborting now ...
Flavor: r-release-osx-x86_64-mavericks