Last updated on 2016-10-25 23:47:37.
Flavor | Version | Tinstall | Tcheck | Ttotal | Status | Flags |
---|---|---|---|---|---|---|
r-devel-linux-x86_64-debian-clang | 1.0 | 41.73 | 31.91 | 73.64 | NOTE | |
r-devel-linux-x86_64-debian-gcc | 1.0 | 49.07 | 33.17 | 82.24 | NOTE | |
r-devel-linux-x86_64-fedora-clang | 1.0 | 145.39 | NOTE | |||
r-devel-linux-x86_64-fedora-gcc | 1.0 | 157.49 | NOTE | |||
r-devel-windows-ix86+x86_64 | 1.0 | 201.00 | 101.00 | 302.00 | OK | |
r-patched-linux-x86_64 | 1.0 | 41.02 | 32.12 | 73.13 | NOTE | |
r-patched-solaris-sparc | 1.0 | 770.30 | OK | |||
r-patched-solaris-x86 | 1.0 | 155.70 | OK | |||
r-release-linux-x86_64 | 1.0 | 40.37 | 31.03 | 71.39 | NOTE | |
r-release-osx-x86_64-mavericks | 1.0 | NOTE | ||||
r-release-windows-ix86+x86_64 | 1.0 | 152.00 | 99.00 | 251.00 | OK | |
r-oldrel-windows-ix86+x86_64 | 1.0 | 175.00 | 114.00 | 289.00 | OK |
Version: 1.0
Check: installed package size
Result: NOTE
installed size is 5.5Mb
sub-directories of 1Mb or more:
libs 5.1Mb
Flavors: r-devel-linux-x86_64-debian-clang, r-devel-linux-x86_64-debian-gcc, r-devel-linux-x86_64-fedora-clang, r-devel-linux-x86_64-fedora-gcc, r-patched-linux-x86_64, r-release-linux-x86_64, r-release-osx-x86_64-mavericks