CRAN Package Check Results for Package GroupSeq

Last updated on 2016-10-25 23:47:38.

Flavor Version Tinstall Tcheck Ttotal Status Flags
r-devel-linux-x86_64-debian-clang 1.3.3 0.88 25.16 26.04 OK
r-devel-linux-x86_64-debian-gcc 1.3.3 0.85 26.37 27.22 OK
r-devel-linux-x86_64-fedora-clang 1.3.3 41.62 OK
r-devel-linux-x86_64-fedora-gcc 1.3.3 40.29 OK
r-devel-windows-ix86+x86_64 1.3.3 5.00 43.00 48.00 OK
r-patched-linux-x86_64 1.3.3 0.79 24.99 25.78 OK
r-patched-solaris-sparc 1.3.3 240.30 OK
r-patched-solaris-x86 1.3.3 50.00 OK
r-release-linux-x86_64 1.3.3 0.82 25.19 26.01 OK
r-release-osx-x86_64-mavericks 1.3.3 ERROR
r-release-windows-ix86+x86_64 1.3.3 3.00 36.00 39.00 OK
r-oldrel-windows-ix86+x86_64 1.3.3 2.00 39.00 41.00 OK

Check Details

Version: 1.3.3
Check: whether package can be installed
Result: ERROR
    Installation failed.
Flavor: r-release-osx-x86_64-mavericks