Last updated on 2016-10-25 23:47:38.
Flavor | Version | Tinstall | Tcheck | Ttotal | Status | Flags |
---|---|---|---|---|---|---|
r-devel-linux-x86_64-debian-clang | 1.0 | 0.70 | 12.30 | 13.00 | NOTE | |
r-devel-linux-x86_64-debian-gcc | 1.0 | 0.92 | 12.33 | 13.25 | NOTE | |
r-devel-linux-x86_64-fedora-clang | 1.0 | 22.51 | NOTE | |||
r-devel-linux-x86_64-fedora-gcc | 1.0 | 21.61 | NOTE | |||
r-devel-windows-ix86+x86_64 | 1.0 | 4.00 | 48.00 | 52.00 | NOTE | |
r-patched-linux-x86_64 | 1.0 | 0.58 | 11.25 | 11.83 | NOTE | |
r-patched-solaris-sparc | 1.0 | 121.00 | NOTE | |||
r-patched-solaris-x86 | 1.0 | 27.30 | NOTE | |||
r-release-linux-x86_64 | 1.0 | 0.71 | 11.37 | 12.07 | NOTE | |
r-release-osx-x86_64-mavericks | 1.0 | NOTE | ||||
r-release-windows-ix86+x86_64 | 1.0 | 3.00 | 40.00 | 43.00 | NOTE | |
r-oldrel-windows-ix86+x86_64 | 1.0 | 4.00 | 38.00 | 42.00 | OK |
Version: 1.0
Check: R code for possible problems
Result: NOTE
fit.one.harmonic: no visible global function definition for ‘var’
fit.one.harmonic: no visible global function definition for ‘lm’
fit.one.harmonic: no visible binding for global variable ‘na.exclude’
fit.one.harmonic: no visible global function definition for ‘fitted’
fit.one.harmonic: no visible global function definition for ‘coef’
fit.one.harmonic: no visible global function definition for ‘residuals’
fit.one.harmonic.trend: no visible global function definition for ‘lm’
fit.one.harmonic.trend: no visible binding for global variable
‘na.exclude’
fit.one.harmonic.trend: no visible global function definition for
‘fitted’
fit.one.harmonic.trend: no visible global function definition for
‘coef’
fit.one.harmonic.trend: no visible global function definition for
‘residuals’
harmonic.f.test: no visible global function definition for ‘pf’
harmonic.regression.matrix: no visible global function definition for
‘lm’
harmonic.regression.matrix: no visible global function definition for
‘fitted’
harmonic.regression.matrix: no visible global function definition for
‘coef’
harmonic.regression.matrix: no visible binding for global variable
‘var’
harmonic.regression.matrix: no visible global function definition for
‘residuals’
harmonic.regression.matrix: no visible global function definition for
‘p.adjust’
harmonic.regression.matrix.trend: no visible global function definition
for ‘lm’
harmonic.regression.matrix.trend: no visible global function definition
for ‘fitted’
harmonic.regression.matrix.trend: no visible global function definition
for ‘coef’
harmonic.regression.matrix.trend: no visible global function definition
for ‘residuals’
harmonic.regression.matrix.trend: no visible global function definition
for ‘p.adjust’
harmonic.regression.nas: no visible global function definition for
‘p.adjust’
harmonic.regression.nas.trend: no visible global function definition
for ‘p.adjust’
normalize.one.ts: no visible global function definition for ‘lm’
normalize.one.ts: no visible binding for global variable ‘na.exclude’
normalize.one.ts: no visible global function definition for ‘fitted’
normalize.one.ts: no visible global function definition for ‘coef’
normalize.ts.matrix: no visible global function definition for ‘lm’
normalize.ts.matrix: no visible global function definition for ‘fitted’
normalize.ts.matrix: no visible global function definition for ‘coef’
Undefined global functions or variables:
coef fitted lm na.exclude p.adjust pf residuals var
Consider adding
importFrom("stats", "coef", "fitted", "lm", "na.exclude", "p.adjust",
"pf", "residuals", "var")
to your NAMESPACE file.
Flavors: r-devel-linux-x86_64-debian-clang, r-devel-linux-x86_64-debian-gcc, r-devel-linux-x86_64-fedora-clang, r-devel-linux-x86_64-fedora-gcc, r-devel-macos-x86_64-clang, r-devel-windows-ix86+x86_64, r-patched-linux-x86_64, r-patched-solaris-sparc, r-patched-solaris-x86, r-release-linux-x86_64, r-release-osx-x86_64-mavericks, r-release-windows-ix86+x86_64