CRAN Package Check Results for Package LSAmitR

Last updated on 2016-10-25 23:47:42.

Flavor Version Tinstall Tcheck Ttotal Status Flags
r-devel-linux-x86_64-debian-clang 0.5-3 3.85 44.35 48.21 OK
r-devel-linux-x86_64-debian-gcc 0.5-3 3.77 44.94 48.71 OK
r-devel-linux-x86_64-fedora-clang 0.5-3 108.42 NOTE
r-devel-linux-x86_64-fedora-gcc 0.5-3 121.98 NOTE
r-devel-windows-ix86+x86_64 0.5-3 16.00 119.00 135.00 OK
r-patched-linux-x86_64 0.5-3 3.70 43.67 47.36 OK
r-patched-solaris-sparc 0.5-3 567.20 NOTE
r-patched-solaris-x86 0.5-3 134.30 NOTE
r-release-linux-x86_64 0.5-3 3.92 43.89 47.80 OK
r-release-osx-x86_64-mavericks 0.5-3 NOTE
r-release-windows-ix86+x86_64 0.5-3 11.00 86.00 97.00 OK
r-oldrel-windows-ix86+x86_64 0.5-3 20.00 117.00 137.00 NOTE

Check Details

Version: 0.5-3
Check: data for non-ASCII characters
Result: NOTE
     Note: found 60 marked UTF-8 strings
Flavors: r-devel-linux-x86_64-fedora-clang, r-devel-linux-x86_64-fedora-gcc, r-devel-macos-x86_64-clang, r-patched-solaris-sparc, r-patched-solaris-x86, r-release-osx-x86_64-mavericks, r-oldrel-windows-ix86+x86_64